Last updated on 2025-10-31 20:48:40 CET.
| Flavor | Version | Tinstall | Tcheck | Ttotal | Status | Flags | 
|---|---|---|---|---|---|---|
| r-devel-linux-x86_64-debian-clang | 0.1 | 1.76 | 46.66 | 48.42 | NOTE | |
| r-devel-linux-x86_64-debian-gcc | 0.1 | 1.42 | 31.79 | 33.21 | NOTE | |
| r-devel-linux-x86_64-fedora-clang | 0.1 | 81.73 | OK | |||
| r-devel-linux-x86_64-fedora-gcc | 0.1 | 84.40 | OK | |||
| r-devel-windows-x86_64 | 0.1 | 3.00 | 59.00 | 62.00 | OK | |
| r-patched-linux-x86_64 | 0.1 | 1.60 | 43.32 | 44.92 | OK | |
| r-release-linux-x86_64 | 0.1 | 1.53 | 44.03 | 45.56 | OK | |
| r-release-macos-arm64 | 0.1 | 1.00 | 27.00 | 28.00 | OK | |
| r-release-macos-x86_64 | 0.1 | 2.00 | 56.00 | 58.00 | OK | |
| r-release-windows-x86_64 | 0.1 | 4.00 | 60.00 | 64.00 | OK | |
| r-oldrel-macos-arm64 | 0.1 | 1.00 | 26.00 | 27.00 | OK | |
| r-oldrel-macos-x86_64 | 0.1 | 1.00 | 43.00 | 44.00 | OK | |
| r-oldrel-windows-x86_64 | 0.1 | 3.00 | 73.00 | 76.00 | OK | 
Version: 0.1
Check: CRAN incoming feasibility
Result: NOTE
  Maintainer: ‘Gaston Quero <gastonquero@gmail.com>’
  
  No Authors@R field in DESCRIPTION.
  Please add one, modifying
    Authors@R: c(person(given = "Sebastian",
                        family = "Simondi",
                        role = "aut",
                        email = "sebastian.simondi@gmail.com"),
                 person(given = "Gaston",
                        family = "Quero",
                        role = c("aut", "cre"),
                        email = "gastonquero@gmail.com"),
                 person(given = c("with", "contributions", "from", "Victoria"),
                        family = "Bonnecarrere",
                        role = "aut"),
                 person(given = "Lucia",
                        family = "Gutierrez",
                        role = "aut"))
  as necessary.
Flavors: r-devel-linux-x86_64-debian-clang, r-devel-linux-x86_64-debian-gcc