Last updated on 2025-10-31 20:48:56 CET.
| Flavor | Version | Tinstall | Tcheck | Ttotal | Status | Flags | 
|---|---|---|---|---|---|---|
| r-devel-linux-x86_64-debian-clang | 0.1.0 | 4.34 | 82.05 | 86.39 | OK | |
| r-devel-linux-x86_64-debian-gcc | 0.1.0 | 3.44 | 55.53 | 58.97 | OK | |
| r-devel-linux-x86_64-fedora-clang | 0.1.0 | 10.00 | 119.87 | 129.87 | OK | |
| r-devel-linux-x86_64-fedora-gcc | 0.1.0 | 22.00 | 137.10 | 159.10 | OK | |
| r-devel-windows-x86_64 | 0.1.0 | 6.00 | 95.00 | 101.00 | OK | |
| r-patched-linux-x86_64 | 0.1.0 | 4.69 | 76.49 | 81.18 | OK | |
| r-release-linux-x86_64 | 0.1.0 | 4.27 | 75.22 | 79.49 | OK | |
| r-release-macos-arm64 | 0.1.0 | 3.00 | 82.00 | 85.00 | OK | |
| r-release-macos-x86_64 | 0.1.0 | 4.00 | 120.00 | 124.00 | OK | |
| r-release-windows-x86_64 | 0.1.0 | 7.00 | 97.00 | 104.00 | OK | |
| r-oldrel-macos-arm64 | 0.1.0 | 2.00 | 77.00 | 79.00 | NOTE | |
| r-oldrel-macos-x86_64 | 0.1.0 | 5.00 | 131.00 | 136.00 | NOTE | |
| r-oldrel-windows-x86_64 | 0.1.0 | 8.00 | 120.00 | 128.00 | NOTE | 
Version: 0.1.0
Check: installed package size
Result: NOTE
    installed size is  6.0Mb
    sub-directories of 1Mb or more:
      doc   5.2Mb
Flavors: r-oldrel-macos-arm64, r-oldrel-macos-x86_64, r-oldrel-windows-x86_64