Last updated on 2025-05-10 08:50:55 CEST.
Flavor | Version | Tinstall | Tcheck | Ttotal | Status | Flags |
---|---|---|---|---|---|---|
r-devel-linux-x86_64-debian-clang | 1.3.1 | 154.18 | 155.53 | 309.71 | OK | |
r-devel-linux-x86_64-debian-gcc | 1.3.1 | 134.77 | 120.54 | 255.31 | OK | |
r-devel-linux-x86_64-fedora-clang | 1.3.1 | 366.11 | NOTE | |||
r-devel-linux-x86_64-fedora-gcc | 1.3.1 | 437.00 | NOTE | |||
r-devel-windows-x86_64 | 1.3.1 | 159.00 | 199.00 | 358.00 | OK | |
r-patched-linux-x86_64 | 1.3.1 | 164.12 | 155.42 | 319.54 | OK | |
r-release-linux-x86_64 | 1.3.1 | 165.68 | 156.07 | 321.75 | OK | |
r-release-macos-arm64 | 1.3.1 | 145.00 | OK | |||
r-release-macos-x86_64 | 1.3.1 | 359.00 | OK | |||
r-release-windows-x86_64 | 1.3.1 | 157.00 | 213.00 | 370.00 | OK | |
r-oldrel-macos-arm64 | 1.3.1 | 79.00 | NOTE | |||
r-oldrel-macos-x86_64 | 1.3.1 | 145.00 | NOTE | |||
r-oldrel-windows-x86_64 | 1.3.1 | 181.00 | 276.00 | 457.00 | NOTE |
Version: 1.3.1
Check: dependencies in R code
Result: NOTE
Namespaces in Imports field not imported from:
‘RcppParallel’ ‘rstantools’
All declared Imports should be used.
Flavors: r-devel-linux-x86_64-fedora-clang, r-devel-linux-x86_64-fedora-gcc
Version: 1.3.1
Check: installed package size
Result: NOTE
installed size is 46.8Mb
sub-directories of 1Mb or more:
libs 46.3Mb
Flavors: r-oldrel-macos-arm64, r-oldrel-macos-x86_64
Version: 1.3.1
Check: for GNU extensions in Makefiles
Result: NOTE
GNU make is a SystemRequirements.
Flavors: r-oldrel-macos-arm64, r-oldrel-macos-x86_64, r-oldrel-windows-x86_64