CRAN Package Check Results for Package usdatasets

Last updated on 2025-11-22 22:51:23 CET.

Flavor Version Tinstall Tcheck Ttotal Status Flags
r-devel-linux-x86_64-debian-clang 0.1.0 6.18 52.74 58.92 OK
r-devel-linux-x86_64-debian-gcc 0.1.0 4.96 38.61 43.57 OK
r-devel-linux-x86_64-fedora-clang 0.1.0 13.00 73.60 86.60 OK
r-devel-linux-x86_64-fedora-gcc 0.1.0 12.00 82.08 94.08 OK
r-devel-windows-x86_64 0.1.0 11.00 74.00 85.00 OK
r-patched-linux-x86_64 0.1.0 7.39 47.87 55.26 OK
r-release-linux-x86_64 0.1.0 5.85 47.93 53.78 OK
r-release-macos-arm64 0.1.0 OK
r-release-macos-x86_64 0.1.0 6.00 63.00 69.00 OK
r-release-windows-x86_64 0.1.0 11.00 93.00 104.00 OK
r-oldrel-macos-arm64 0.1.0 OK
r-oldrel-macos-x86_64 0.1.0 10.00 53.00 63.00 NOTE
r-oldrel-windows-x86_64 0.1.0 9.00 87.00 96.00 OK

Check Details

Version: 0.1.0
Check: installed package size
Result: NOTE installed size is 5.6Mb sub-directories of 1Mb or more: R 2.6Mb data 2.6Mb Flavor: r-oldrel-macos-x86_64