CRAN Package Check Results for Package twosamples

Last updated on 2025-10-08 23:50:32 CEST.

Flavor Version Tinstall Tcheck Ttotal Status Flags
r-devel-linux-x86_64-debian-clang 2.0.1 5.95 28.37 34.32 NOTE
r-devel-linux-x86_64-debian-gcc 2.0.1 3.59 22.15 25.74 NOTE
r-devel-linux-x86_64-fedora-clang 2.0.1 53.13 OK
r-devel-linux-x86_64-fedora-gcc 2.0.1 48.06 OK
r-devel-windows-x86_64 2.0.1 7.00 53.00 60.00 OK
r-patched-linux-x86_64 2.0.1 4.81 25.76 30.57 OK
r-release-linux-x86_64 2.0.1 4.84 25.85 30.69 OK
r-release-macos-arm64 2.0.1 22.00 OK
r-release-macos-x86_64 2.0.1 36.00 OK
r-release-windows-x86_64 2.0.1 10.00 56.00 66.00 OK
r-oldrel-macos-arm64 2.0.1 29.00 OK
r-oldrel-macos-x86_64 2.0.1 28.00 OK
r-oldrel-windows-x86_64 2.0.1 10.00 63.00 73.00 OK

Check Details

Version: 2.0.1
Check: CRAN incoming feasibility
Result: NOTE Maintainer: ‘Connor Dowd <cd@codowd.com>’ The Description field contains that of Anderson-Darling. See the companion paper at <arXiv:2007.01360> Please refer to arXiv e-prints via their arXiv DOI <doi:10.48550/arXiv.YYMM.NNNNN>. Flavors: r-devel-linux-x86_64-debian-clang, r-devel-linux-x86_64-debian-gcc