Last updated on 2025-10-02 17:48:57 CEST.
Flavor | Version | Tinstall | Tcheck | Ttotal | Status | Flags |
---|---|---|---|---|---|---|
r-devel-linux-x86_64-debian-clang | 0.4.15 | 34.88 | 105.94 | 140.82 | NOTE | |
r-devel-linux-x86_64-debian-gcc | 0.4.15 | 25.85 | 71.29 | 97.14 | NOTE | |
r-devel-linux-x86_64-fedora-clang | 0.4.15 | 232.23 | NOTE | |||
r-devel-linux-x86_64-fedora-gcc | 0.4.15 | 241.29 | NOTE | |||
r-devel-windows-x86_64 | 0.4.15 | 47.00 | 147.00 | 194.00 | NOTE | |
r-patched-linux-x86_64 | 0.4.15 | 37.52 | 99.86 | 137.38 | NOTE | |
r-release-linux-x86_64 | 0.4.15 | 35.87 | 98.61 | 134.48 | NOTE | |
r-release-macos-arm64 | 0.4.15 | 85.00 | NOTE | |||
r-release-macos-x86_64 | 0.4.15 | 142.00 | NOTE | |||
r-release-windows-x86_64 | 0.4.15 | 43.00 | 148.00 | 191.00 | NOTE | |
r-oldrel-macos-arm64 | 0.4.15 | 43.00 | NOTE | |||
r-oldrel-macos-x86_64 | 0.4.15 | 71.00 | NOTE | |||
r-oldrel-windows-x86_64 | 0.4.15 | 55.00 | 178.00 | 233.00 | NOTE |
Version: 0.4.15
Check: C++ specification
Result: NOTE
Specified C++11: please drop specification unless essential
Flavors: r-devel-linux-x86_64-debian-clang, r-devel-linux-x86_64-debian-gcc, r-devel-linux-x86_64-fedora-clang, r-devel-linux-x86_64-fedora-gcc, r-devel-windows-x86_64, r-patched-linux-x86_64, r-release-linux-x86_64, r-release-macos-arm64, r-release-macos-x86_64, r-release-windows-x86_64, r-oldrel-macos-arm64, r-oldrel-macos-x86_64, r-oldrel-windows-x86_64
Version: 0.4.15
Check: installed package size
Result: NOTE
installed size is 8.7Mb
sub-directories of 1Mb or more:
data 4.6Mb
libs 2.7Mb
Flavors: r-oldrel-macos-arm64, r-oldrel-macos-x86_64, r-oldrel-windows-x86_64
Version: 0.4.15
Check: for GNU extensions in Makefiles
Result: NOTE
GNU make is a SystemRequirements.
Flavors: r-oldrel-macos-arm64, r-oldrel-macos-x86_64, r-oldrel-windows-x86_64