Last updated on 2025-11-18 20:49:52 CET.
| Flavor | Version | Tinstall | Tcheck | Ttotal | Status | Flags |
|---|---|---|---|---|---|---|
| r-devel-linux-x86_64-debian-clang | 0.1.3 | 15.78 | 125.91 | 141.69 | OK | |
| r-devel-linux-x86_64-debian-gcc | 0.1.3 | 12.30 | 82.33 | 94.63 | OK | |
| r-devel-linux-x86_64-fedora-clang | 0.1.3 | 44.00 | 183.74 | 227.74 | OK | |
| r-devel-linux-x86_64-fedora-gcc | 0.1.3 | 89.00 | 140.10 | 229.10 | OK | |
| r-devel-windows-x86_64 | 0.1.3 | 31.00 | 128.00 | 159.00 | OK | |
| r-patched-linux-x86_64 | 0.1.3 | 18.57 | 116.69 | 135.26 | OK | |
| r-release-linux-x86_64 | 0.1.3 | 18.42 | 116.22 | 134.64 | OK | |
| r-release-macos-arm64 | 0.1.3 | 1.00 | 5.00 | 6.00 | ERROR | |
| r-release-macos-x86_64 | 0.1.3 | 3.00 | 12.00 | 15.00 | ERROR | |
| r-release-windows-x86_64 | 0.1.3 | 23.00 | 127.00 | 150.00 | OK | |
| r-oldrel-macos-arm64 | 0.1.3 | 1.00 | 10.00 | 11.00 | ERROR | |
| r-oldrel-macos-x86_64 | 0.1.3 | 3.00 | 13.00 | 16.00 | ERROR | |
| r-oldrel-windows-x86_64 | 0.1.3 | 29.00 | 157.00 | 186.00 | OK |
Version: 0.1.3
Check: whether package can be installed
Result: ERROR
Installation failed.
Flavors: r-release-macos-arm64, r-release-macos-x86_64, r-oldrel-macos-arm64, r-oldrel-macos-x86_64