Last updated on 2025-10-22 18:50:29 CEST.
Flavor | Version | Tinstall | Tcheck | Ttotal | Status | Flags |
---|---|---|---|---|---|---|
r-devel-linux-x86_64-debian-clang | 1.4.1 | 17.09 | 145.65 | 162.74 | NOTE | |
r-devel-linux-x86_64-debian-gcc | 1.4.1 | 10.92 | 97.58 | 108.50 | NOTE | |
r-devel-linux-x86_64-fedora-clang | 1.4.1 | 87.00 | 169.14 | 256.14 | OK | |
r-devel-linux-x86_64-fedora-gcc | 1.4.1 | 35.00 | 213.30 | 248.30 | OK | |
r-devel-windows-x86_64 | 1.4.1 | 18.00 | 147.00 | 165.00 | OK | |
r-patched-linux-x86_64 | 1.4.1 | 14.63 | 134.04 | 148.67 | OK | |
r-release-linux-x86_64 | 1.4.1 | 14.02 | 133.73 | 147.75 | OK | |
r-release-macos-arm64 | 1.4.1 | 9.00 | 89.00 | 98.00 | OK | |
r-release-macos-x86_64 | 1.4.1 | 25.00 | 169.00 | 194.00 | OK | |
r-release-windows-x86_64 | 1.4.1 | 18.00 | 149.00 | 167.00 | OK | |
r-oldrel-macos-arm64 | 1.4.1 | 9.00 | 76.00 | 85.00 | OK | |
r-oldrel-macos-x86_64 | 1.4.1 | 18.00 | 153.00 | 171.00 | OK | |
r-oldrel-windows-x86_64 | 1.4.1 | 24.00 | 187.00 | 211.00 | OK |
Version: 1.4.1
Check: HTML version of manual
Result: NOTE
Found the following HTML validation problems:
createLink.html:46:1 (createLink.Rd:10): Warning: missing </ul> before </div>
explore_endpoints.html:50:1 (explore_endpoints.Rd:10): Warning: missing </ul> before </div>
Flavors: r-devel-linux-x86_64-debian-clang, r-devel-linux-x86_64-debian-gcc