CRAN Package Check Results for Package tidygapminder

Last updated on 2025-11-15 18:48:55 CET.

Flavor Version Tinstall Tcheck Ttotal Status Flags
r-devel-linux-x86_64-debian-clang 0.1.1 1.70 29.42 31.12 OK
r-devel-linux-x86_64-debian-gcc 0.1.1 1.47 24.06 25.53 OK
r-devel-linux-x86_64-fedora-clang 0.1.1 45.55 NOTE
r-devel-linux-x86_64-fedora-gcc 0.1.1 58.22 NOTE
r-devel-windows-x86_64 0.1.1 5.00 47.00 52.00 OK
r-patched-linux-x86_64 0.1.1 1.54 26.22 27.76 OK
r-release-linux-x86_64 0.1.1 1.69 26.44 28.13 OK
r-release-macos-arm64 0.1.1 1.00 23.00 24.00 OK
r-release-macos-x86_64 0.1.1 2.00 44.00 46.00 OK
r-release-windows-x86_64 0.1.1 4.00 46.00 50.00 OK
r-oldrel-macos-arm64 0.1.1 1.00 25.00 26.00 NOTE
r-oldrel-macos-x86_64 0.1.1 2.00 34.00 36.00 NOTE
r-oldrel-windows-x86_64 0.1.1 4.00 53.00 57.00 NOTE

Check Details

Version: 0.1.1
Check: dependencies in R code
Result: NOTE Namespace in Imports field not imported from: ‘dplyr’ All declared Imports should be used. Flavors: r-devel-linux-x86_64-fedora-clang, r-devel-linux-x86_64-fedora-gcc

Version: 0.1.1
Check: LazyData
Result: NOTE 'LazyData' is specified without a 'data' directory Flavors: r-oldrel-macos-arm64, r-oldrel-macos-x86_64, r-oldrel-windows-x86_64