Last updated on 2025-11-16 20:48:48 CET.
| Flavor | Version | Tinstall | Tcheck | Ttotal | Status | Flags |
|---|---|---|---|---|---|---|
| r-devel-linux-x86_64-debian-clang | 0.6.1 | 7.46 | 71.93 | 79.39 | OK | |
| r-devel-linux-x86_64-debian-gcc | 0.6.1 | 5.59 | 54.76 | 60.35 | OK | |
| r-devel-linux-x86_64-fedora-clang | 0.6.1 | 17.00 | 108.89 | 125.89 | OK | |
| r-devel-linux-x86_64-fedora-gcc | 0.6.1 | 17.00 | 118.90 | 135.90 | OK | |
| r-devel-windows-x86_64 | 0.6.1 | 14.00 | 131.00 | 145.00 | OK | |
| r-patched-linux-x86_64 | 0.6.1 | 6.56 | 69.40 | 75.96 | OK | |
| r-release-linux-x86_64 | 0.6.1 | 5.92 | 69.16 | 75.08 | OK | |
| r-release-macos-arm64 | 0.6.1 | 4.00 | 52.00 | 56.00 | OK | |
| r-release-macos-x86_64 | 0.6.1 | 7.00 | 76.00 | 83.00 | OK | |
| r-release-windows-x86_64 | 0.6.1 | 9.00 | 147.00 | 156.00 | OK | |
| r-oldrel-macos-arm64 | 0.6.1 | 3.00 | 39.00 | 42.00 | NOTE | |
| r-oldrel-macos-x86_64 | 0.6.1 | 5.00 | 62.00 | 67.00 | NOTE | |
| r-oldrel-windows-x86_64 | 0.6.1 | 13.00 | 117.00 | 130.00 | NOTE |
Version: 0.6.1
Check: LazyData
Result: NOTE
'LazyData' is specified without a 'data' directory
Flavors: r-oldrel-macos-arm64, r-oldrel-macos-x86_64, r-oldrel-windows-x86_64