Last updated on 2025-05-10 14:52:35 CEST.
Flavor | Version | Tinstall | Tcheck | Ttotal | Status | Flags |
---|---|---|---|---|---|---|
r-devel-linux-x86_64-debian-clang | 1.0.1 | 22.44 | 31.02 | 53.46 | OK | |
r-devel-linux-x86_64-debian-gcc | 1.0.1 | 16.99 | 25.47 | 42.46 | OK | |
r-devel-linux-x86_64-fedora-clang | 1.0.1 | 105.71 | OK | |||
r-devel-linux-x86_64-fedora-gcc | 1.0.1 | 114.58 | OK | |||
r-devel-windows-x86_64 | 1.0.1 | 34.00 | 73.00 | 107.00 | OK | |
r-patched-linux-x86_64 | 1.0.1 | 24.74 | 28.87 | 53.61 | OK | |
r-release-linux-x86_64 | 1.0.1 | 22.97 | 29.20 | 52.17 | OK | |
r-release-macos-arm64 | 1.0.1 | 44.00 | OK | |||
r-release-macos-x86_64 | 1.0.1 | 72.00 | OK | |||
r-release-windows-x86_64 | 1.0.1 | 33.00 | 75.00 | 108.00 | OK | |
r-oldrel-macos-arm64 | 1.0.1 | 48.00 | NOTE | |||
r-oldrel-macos-x86_64 | 1.0.1 | 79.00 | NOTE | |||
r-oldrel-windows-x86_64 | 1.0.1 | 38.00 | 84.00 | 122.00 | OK |
Version: 1.0.1
Check: installed package size
Result: NOTE
installed size is 23.4Mb
sub-directories of 1Mb or more:
libs 23.2Mb
Flavors: r-oldrel-macos-arm64, r-oldrel-macos-x86_64