Last updated on 2025-11-10 23:50:03 CET.
| Flavor | Version | Tinstall | Tcheck | Ttotal | Status | Flags |
|---|---|---|---|---|---|---|
| r-devel-linux-x86_64-debian-clang | 0.1.5 | 24.68 | 65.46 | 90.14 | OK | |
| r-devel-linux-x86_64-debian-gcc | 0.1.5 | 15.06 | 50.53 | 65.59 | OK | |
| r-devel-linux-x86_64-fedora-clang | 0.1.5 | 61.00 | 87.67 | 148.67 | OK | |
| r-devel-linux-x86_64-fedora-gcc | 0.1.5 | 49.00 | 104.01 | 153.01 | OK | |
| r-devel-windows-x86_64 | 0.1.5 | 31.00 | 101.00 | 132.00 | OK | |
| r-patched-linux-x86_64 | 0.1.5 | 25.22 | 61.35 | 86.57 | OK | |
| r-release-linux-x86_64 | 0.1.5 | 22.70 | 61.38 | 84.08 | OK | |
| r-release-macos-arm64 | 0.1.5 | 9.00 | 40.00 | 49.00 | OK | |
| r-release-macos-x86_64 | 0.1.5 | 12.00 | 84.00 | 96.00 | OK | |
| r-release-windows-x86_64 | 0.1.5 | 34.00 | 96.00 | 130.00 | OK | |
| r-oldrel-macos-arm64 | 0.1.5 | 12.00 | 40.00 | 52.00 | NOTE | |
| r-oldrel-macos-x86_64 | 0.1.5 | 11.00 | 58.00 | 69.00 | NOTE | |
| r-oldrel-windows-x86_64 | 0.1.5 | 39.00 | 118.00 | 157.00 | NOTE |
Version: 0.1.5
Check: LazyData
Result: NOTE
'LazyData' is specified without a 'data' directory
Flavors: r-oldrel-macos-arm64, r-oldrel-macos-x86_64, r-oldrel-windows-x86_64