Last updated on 2025-07-09 07:49:34 CEST.
Flavor | Version | Tinstall | Tcheck | Ttotal | Status | Flags |
---|---|---|---|---|---|---|
r-devel-linux-x86_64-debian-clang | 0.1.5 | 24.27 | 64.40 | 88.67 | OK | |
r-devel-linux-x86_64-debian-gcc | 0.1.5 | 17.03 | 49.93 | 66.96 | OK | |
r-devel-linux-x86_64-fedora-clang | 0.1.5 | 144.94 | OK | |||
r-devel-linux-x86_64-fedora-gcc | 0.1.5 | 149.69 | OK | |||
r-devel-windows-x86_64 | 0.1.5 | 32.00 | 103.00 | 135.00 | OK | |
r-patched-linux-x86_64 | 0.1.5 | 24.34 | 60.09 | 84.43 | OK | |
r-release-linux-x86_64 | 0.1.5 | 22.46 | 59.33 | 81.79 | OK | |
r-release-macos-arm64 | 0.1.5 | 49.00 | OK | |||
r-release-macos-x86_64 | 0.1.5 | 96.00 | OK | |||
r-release-windows-x86_64 | 0.1.5 | 35.00 | 103.00 | 138.00 | OK | |
r-oldrel-macos-arm64 | 0.1.5 | 52.00 | NOTE | |||
r-oldrel-macos-x86_64 | 0.1.5 | 69.00 | NOTE | |||
r-oldrel-windows-x86_64 | 0.1.5 | 39.00 | 122.00 | 161.00 | NOTE |
Version: 0.1.5
Check: LazyData
Result: NOTE
'LazyData' is specified without a 'data' directory
Flavors: r-oldrel-macos-arm64, r-oldrel-macos-x86_64, r-oldrel-windows-x86_64