CRAN Package Check Results for Package text2vec

Last updated on 2025-05-08 21:51:29 CEST.

Flavor Version Tinstall Tcheck Ttotal Status Flags
r-devel-linux-x86_64-debian-clang 0.6.4 56.35 158.15 214.50 NOTE
r-devel-linux-x86_64-debian-gcc 0.6.4 42.85 102.13 144.98 NOTE
r-devel-linux-x86_64-fedora-clang 0.6.4 370.04 OK
r-devel-linux-x86_64-fedora-gcc 0.6.4 429.84 OK
r-devel-windows-x86_64 0.6.4 66.00 168.00 234.00 NOTE
r-patched-linux-x86_64 0.6.4 61.43 150.72 212.15 NOTE
r-release-linux-x86_64 0.6.4 60.78 152.78 213.56 NOTE
r-release-macos-arm64 0.6.4 130.00 OK
r-release-macos-x86_64 0.6.4 217.00 OK
r-release-windows-x86_64 0.6.4 68.00 174.00 242.00 NOTE
r-oldrel-macos-arm64 0.6.4 107.00 NOTE
r-oldrel-macos-x86_64 0.6.4 162.00 NOTE
r-oldrel-windows-x86_64 0.6.4 79.00 247.00 326.00 OK

Check Details

Version: 0.6.4
Check: Rd cross-references
Result: NOTE Found the following Rd file(s) with Rd \link{} targets missing package anchors: BNS.Rd: R6Class Collocations.Rd: R6Class LatentDirichletAllocation.Rd: R6Class LatentSemanticAnalysis.Rd: R6Class RelaxedWordMoversDistance.Rd: R6Class TfIdf.Rd: R6Class Please provide package anchors for all Rd \link{} targets not in the package itself and the base packages. Flavors: r-devel-linux-x86_64-debian-clang, r-devel-linux-x86_64-debian-gcc, r-devel-windows-x86_64, r-patched-linux-x86_64, r-release-linux-x86_64, r-release-windows-x86_64

Version: 0.6.4
Check: installed package size
Result: NOTE installed size is 7.6Mb sub-directories of 1Mb or more: data 2.7Mb libs 4.0Mb Flavors: r-oldrel-macos-arm64, r-oldrel-macos-x86_64