Last updated on 2025-10-21 21:51:36 CEST.
Flavor | Version | Tinstall | Tcheck | Ttotal | Status | Flags |
---|---|---|---|---|---|---|
r-devel-linux-x86_64-debian-clang | 0.7.0 | 4.09 | 57.72 | 61.81 | NOTE | |
r-devel-linux-x86_64-debian-gcc | 0.7.0 | 3.17 | 41.07 | 44.24 | NOTE | |
r-devel-linux-x86_64-fedora-clang | 0.7.0 | 45.00 | 60.39 | 105.39 | OK | |
r-devel-linux-x86_64-fedora-gcc | 0.7.0 | 101.42 | OK | |||
r-devel-windows-x86_64 | 0.7.0 | 6.00 | 72.00 | 78.00 | OK | |
r-patched-linux-x86_64 | 0.7.0 | 4.02 | 52.72 | 56.74 | OK | |
r-release-linux-x86_64 | 0.7.0 | 3.52 | 52.57 | 56.09 | OK | |
r-release-macos-arm64 | 0.7.0 | 2.00 | 33.00 | 35.00 | OK | |
r-release-macos-x86_64 | 0.7.0 | 3.00 | 66.00 | 69.00 | OK | |
r-release-windows-x86_64 | 0.7.0 | 5.00 | 74.00 | 79.00 | OK | |
r-oldrel-macos-arm64 | 0.7.0 | 2.00 | 96.00 | 98.00 | OK | |
r-oldrel-macos-x86_64 | 0.7.0 | 15.00 | 165.00 | 180.00 | OK | |
r-oldrel-windows-x86_64 | 0.7.0 | 8.00 | 85.00 | 93.00 | OK |
Version: 0.7.0
Check: HTML version of manual
Result: NOTE
Found the following HTML validation problems:
get_var.html:59:1 (get_var.Rd:17): Warning: missing </ul> before </div>
Flavors: r-devel-linux-x86_64-debian-clang, r-devel-linux-x86_64-debian-gcc