CRAN Package Check Results for Package tangles

Last updated on 2025-07-08 15:49:52 CEST.

Flavor Version Tinstall Tcheck Ttotal Status Flags
r-devel-linux-x86_64-debian-clang 2.0.1 23.68 212.31 235.99 OK
r-devel-linux-x86_64-debian-gcc 2.0.1 14.98 130.96 145.94 OK
r-devel-linux-x86_64-fedora-clang 2.0.1 351.13 OK
r-devel-linux-x86_64-fedora-gcc 2.0.1 352.61 OK
r-devel-windows-x86_64 2.0.1 22.00 164.00 186.00 OK
r-patched-linux-x86_64 2.0.1 22.66 195.52 218.18 OK
r-release-linux-x86_64 2.0.1 23.41 194.07 217.48 OK
r-release-macos-arm64 2.0.1 81.00 OK
r-release-macos-x86_64 2.0.1 188.00 OK
r-release-windows-x86_64 2.0.1 22.00 164.00 186.00 ERROR
r-oldrel-macos-arm64 2.0.1 85.00 OK
r-oldrel-macos-x86_64 2.0.1 190.00 OK
r-oldrel-windows-x86_64 2.0.1 31.00 228.00 259.00 OK

Check Details

Version: 2.0.1
Check: re-building of vignette outputs
Result: ERROR Error(s) in re-building vignettes: --- re-building 'deidentification.Rmd' using rmarkdown Quitting from deidentification.Rmd:124-156 [tangling-together] ~~~~~~~~~~~~~~~~~~~~~~~~~~~~~~~~~~~~~~~~~~~~~~~~~~~~~~~~~~~~~~~~~~~~~~~~~~~~~~~~ <error/rlang_error> Error: ! [cannot make matrix with 1396964956569600 rows] --- Backtrace: ▆ 1. └─tangles::tangler(...) 2. └─base::lapply(...) 3. └─tangles (local) FUN(X[[i]], ...) 4. ├─terra::rast(x = xyz, type = "xyz") 5. └─terra::rast(x = xyz, type = "xyz") 6. └─terra (local) .local(x, ...) 7. └─terra:::.rastFromXYZ(x, crs = crs, digits = digits, extent = extent) 8. └─terra:::error(paste("cannot make matrix with ", ncell(r), " rows")) ~~~~~~~~~~~~~~~~~~~~~~~~~~~~~~~~~~~~~~~~~~~~~~~~~~~~~~~~~~~~~~~~~~~~~~~~~~~~~~~~ Error: processing vignette 'deidentification.Rmd' failed with diagnostics: [cannot make matrix with 1396964956569600 rows] --- failed re-building 'deidentification.Rmd' SUMMARY: processing the following file failed: 'deidentification.Rmd' Error: Vignette re-building failed. Execution halted Flavor: r-release-windows-x86_64