Last updated on 2025-07-08 18:53:27 CEST.
Flavor | Version | Tinstall | Tcheck | Ttotal | Status | Flags |
---|---|---|---|---|---|---|
r-devel-linux-x86_64-debian-clang | 1.0.1 | 1.99 | 24.39 | 26.38 | NOTE | |
r-devel-linux-x86_64-debian-gcc | 1.0.1 | 1.68 | 20.01 | 21.69 | NOTE | |
r-devel-linux-x86_64-fedora-clang | 1.0.1 | 42.03 | OK | |||
r-devel-linux-x86_64-fedora-gcc | 1.0.1 | 55.21 | OK | |||
r-devel-windows-x86_64 | 1.0.1 | 2.00 | 46.00 | 48.00 | OK | |
r-patched-linux-x86_64 | 1.0.1 | 2.05 | 22.77 | 24.82 | OK | |
r-release-linux-x86_64 | 1.0.1 | 1.80 | 22.97 | 24.77 | OK | |
r-release-macos-arm64 | 1.0.1 | 31.00 | OK | |||
r-release-macos-x86_64 | 1.0.1 | 52.00 | OK | |||
r-release-windows-x86_64 | 1.0.1 | 5.00 | 46.00 | 51.00 | OK | |
r-oldrel-macos-arm64 | 1.0.1 | 32.00 | OK | |||
r-oldrel-macos-x86_64 | 1.0.1 | 45.00 | OK | |||
r-oldrel-windows-x86_64 | 1.0.1 | 5.00 | 50.00 | 55.00 | OK |
Version: 1.0.1
Check: CRAN incoming feasibility
Result: NOTE
Maintainer: ‘Philippe Grosjean <phgrosjean@sciviews.org>’
Package CITATION file contains call(s) to old-style personList() or
as.personList(). Please use c() on person objects instead.
Package CITATION file contains call(s) to old-style citEntry(). Please
use bibentry() instead.
Flavors: r-devel-linux-x86_64-debian-clang, r-devel-linux-x86_64-debian-gcc