Last updated on 2025-10-31 18:51:19 CET.
| Flavor | Version | Tinstall | Tcheck | Ttotal | Status | Flags | 
|---|---|---|---|---|---|---|
| r-devel-linux-x86_64-debian-clang | 1.0 | 1.24 | 29.86 | 31.10 | OK | |
| r-devel-linux-x86_64-debian-gcc | 1.0 | 1.61 | 23.49 | 25.10 | OK | |
| r-devel-linux-x86_64-fedora-clang | 1.0 | 47.44 | NOTE | |||
| r-devel-linux-x86_64-fedora-gcc | 1.0 | 58.58 | NOTE | |||
| r-devel-windows-x86_64 | 1.0 | 3.00 | 47.00 | 50.00 | OK | |
| r-patched-linux-x86_64 | 1.0 | 2.05 | 28.13 | 30.18 | OK | |
| r-release-linux-x86_64 | 1.0 | 2.12 | 28.00 | 30.12 | OK | |
| r-release-macos-arm64 | 1.0 | 1.00 | 30.00 | 31.00 | OK | |
| r-release-macos-x86_64 | 1.0 | 2.00 | 40.00 | 42.00 | OK | |
| r-release-windows-x86_64 | 1.0 | 4.00 | 48.00 | 52.00 | OK | |
| r-oldrel-macos-arm64 | 1.0 | 1.00 | 22.00 | 23.00 | NOTE | |
| r-oldrel-macos-x86_64 | 1.0 | 2.00 | 33.00 | 35.00 | NOTE | |
| r-oldrel-windows-x86_64 | 1.0 | 4.00 | 57.00 | 61.00 | NOTE | 
Version: 1.0
Check: dependencies in R code
Result: NOTE
  Namespace in Imports field not imported from: ‘survival’
    All declared Imports should be used.
Flavors: r-devel-linux-x86_64-fedora-clang, r-devel-linux-x86_64-fedora-gcc
Version: 1.0
Check: LazyData
Result: NOTE
    'LazyData' is specified without a 'data' directory
Flavors: r-oldrel-macos-arm64, r-oldrel-macos-x86_64, r-oldrel-windows-x86_64