Last updated on 2025-05-08 19:51:45 CEST.
Flavor | Version | Tinstall | Tcheck | Ttotal | Status | Flags |
---|---|---|---|---|---|---|
r-devel-linux-x86_64-debian-clang | 1.2.0 | 33.56 | 83.68 | 117.24 | OK | |
r-devel-linux-x86_64-debian-gcc | 1.2.0 | 23.77 | 63.01 | 86.78 | OK | |
r-devel-linux-x86_64-fedora-clang | 1.2.0 | 209.94 | OK | |||
r-devel-linux-x86_64-fedora-gcc | 1.2.0 | 206.61 | OK | |||
r-devel-windows-x86_64 | 1.2.0 | 36.00 | 131.00 | 167.00 | OK | |
r-patched-linux-x86_64 | 1.2.0 | 34.49 | 77.55 | 112.04 | OK | |
r-release-linux-x86_64 | 1.2.0 | 31.71 | 78.07 | 109.78 | OK | |
r-release-macos-arm64 | 1.2.0 | 89.00 | OK | |||
r-release-macos-x86_64 | 1.2.0 | 123.00 | OK | |||
r-release-windows-x86_64 | 1.2.0 | 36.00 | 132.00 | 168.00 | OK | |
r-oldrel-macos-arm64 | 1.2.0 | 82.00 | NOTE | |||
r-oldrel-macos-x86_64 | 1.2.0 | 119.00 | NOTE | |||
r-oldrel-windows-x86_64 | 1.2.0 | 42.00 | 153.00 | 195.00 | NOTE |
Version: 1.2.0
Check: installed package size
Result: NOTE
installed size is 10.0Mb
sub-directories of 1Mb or more:
doc 7.2Mb
libs 2.0Mb
Flavors: r-oldrel-macos-arm64, r-oldrel-macos-x86_64, r-oldrel-windows-x86_64