CRAN Package Check Results for Package statnet.common

Last updated on 2025-10-21 19:51:39 CEST.

Flavor Version Tinstall Tcheck Ttotal Status Flags
r-devel-linux-x86_64-debian-clang 4.12.0 3.89 42.25 46.14 NOTE
r-devel-linux-x86_64-debian-gcc 4.12.0 3.64 31.19 34.83 NOTE
r-devel-linux-x86_64-fedora-clang 4.12.0 10.00 56.84 66.84 NOTE
r-devel-linux-x86_64-fedora-gcc 4.12.0 11.00 54.30 65.30 NOTE
r-devel-windows-x86_64 4.12.0 8.00 72.00 80.00 NOTE
r-patched-linux-x86_64 4.12.0 6.02 38.99 45.01 NOTE
r-release-linux-x86_64 4.12.0 4.76 38.98 43.74 NOTE
r-release-macos-arm64 4.12.0 4.00 25.00 29.00 NOTE
r-release-macos-x86_64 4.12.0 6.00 46.00 52.00 NOTE
r-release-windows-x86_64 4.12.0 8.00 74.00 82.00 NOTE
r-oldrel-macos-arm64 4.12.0 5.00 29.00 34.00 NOTE
r-oldrel-macos-x86_64 4.12.0 5.00 47.00 52.00 NOTE
r-oldrel-windows-x86_64 4.12.0 10.00 82.00 92.00 NOTE

Check Details

Version: 4.12.0
Check: R code for possible problems
Result: NOTE Found the following possibly unsafe calls: File ‘statnet.common/R/control.utilities.R’: unlockBinding("snctrl", environment(snctrl)) unlockBinding("snctrl", environment(update_my_snctrl)) Flavors: r-devel-linux-x86_64-debian-clang, r-devel-linux-x86_64-debian-gcc, r-devel-linux-x86_64-fedora-clang, r-devel-linux-x86_64-fedora-gcc, r-devel-windows-x86_64, r-patched-linux-x86_64, r-release-linux-x86_64, r-release-macos-arm64, r-release-macos-x86_64, r-release-windows-x86_64, r-oldrel-macos-arm64, r-oldrel-macos-x86_64, r-oldrel-windows-x86_64

Version: 4.12.0
Check: HTML version of manual
Result: NOTE Found the following HTML validation problems: is.SPD.html:50:1 (is.SPD.Rd:12): Warning: missing </ul> before </div> opttest.html:76:1 (opttest.Rd:31): Warning: missing </ul> before </div> set_diag.html:51:1 (set_diag.Rd:12): Warning: missing </ul> before </div> Flavors: r-devel-linux-x86_64-debian-clang, r-devel-linux-x86_64-debian-gcc