CRAN Package Check Results for Package spider

Last updated on 2025-05-11 23:50:11 CEST.

Flavor Version Tinstall Tcheck Ttotal Status Flags
r-devel-linux-x86_64-debian-clang 1.5.0 4.72 52.70 57.42 NOTE
r-devel-linux-x86_64-debian-gcc 1.5.1 3.66 38.66 42.32 OK
r-devel-linux-x86_64-fedora-clang 1.5.0 86.08 OK
r-devel-linux-x86_64-fedora-gcc 1.5.1 89.77 OK
r-devel-windows-x86_64 1.5.1 6.00 83.00 89.00 OK
r-patched-linux-x86_64 1.5.0 5.99 48.96 54.95 NOTE
r-release-linux-x86_64 1.5.1 4.11 50.24 54.35 OK
r-release-macos-arm64 1.5.1 29.00 OK
r-release-macos-x86_64 1.5.1 54.00 OK
r-release-windows-x86_64 1.5.1 7.00 85.00 92.00 OK
r-oldrel-macos-arm64 1.5.1 37.00 OK
r-oldrel-macos-x86_64 1.5.1 75.00 OK
r-oldrel-windows-x86_64 1.5.0 7.00 92.00 99.00 OK

Check Details

Version: 1.5.0
Check: CRAN incoming feasibility
Result: NOTE Maintainer: ‘Rupert A. Collins <rupertcollins@gmail.com>’ No Authors@R field in DESCRIPTION. Please add one, modifying Authors@R: c(person(given = "Samuel", family = "Brown", role = "aut"), person(given = "Rupert", family = "Collins", role = "aut"), person(given = "Stephane", family = "Boyer", role = "aut"), person(given = "Marie-Caroline", family = "Lefort", role = "aut"), person(given = "Jagoba", family = "Malumbres-Olarte", role = "aut"), person(given = "Cor", family = "Vink", role = "aut"), person(given = "Rob", family = "Cruickshank", role = "aut"), person(given = c("Rupert", "A."), family = "Collins", role = "cre", email = "rupertcollins@gmail.com")) as necessary. Package CITATION file contains call(s) to old-style personList() or as.personList(). Please use c() on person objects instead. Package CITATION file contains call(s) to old-style citEntry(). Please use bibentry() instead. Flavor: r-devel-linux-x86_64-debian-clang

Version: 1.5.0
Check: Rd cross-references
Result: NOTE Found the following Rd file(s) with Rd \link{} targets missing package anchors: bestCloseMatch.Rd: dist.dna localMinima.Rd: dist.dna monophyly.Rd: prop.part, root, boot.phylo monophylyBoot.Rd: prop.part, root, boot.phylo nearNeighbour.Rd: dist.dna polyBalance.Rd: balance read.GB.Rd: read.GenBank rosenberg.Rd: nodelabels slideAnalyses.Rd: dist.dna spider-package.Rd: ape-package, pegas-package tajima.K.Rd: dist.dna tclust.Rd: dist.dna threshID.Rd: dist.dna tree.comp.Rd: dist.topo, node.depth Please provide package anchors for all Rd \link{} targets not in the package itself and the base packages. Flavors: r-devel-linux-x86_64-debian-clang, r-patched-linux-x86_64