Last updated on 2025-05-11 00:49:50 CEST.
Flavor | Version | Tinstall | Tcheck | Ttotal | Status | Flags |
---|---|---|---|---|---|---|
r-devel-linux-x86_64-debian-clang | 0.1.2 | 5.43 | 37.23 | 42.66 | NOTE | |
r-devel-linux-x86_64-debian-gcc | 0.1.2 | 3.33 | 27.24 | 30.57 | NOTE | |
r-devel-linux-x86_64-fedora-clang | 0.1.2 | 64.17 | OK | |||
r-devel-linux-x86_64-fedora-gcc | 0.1.2 | 58.83 | OK | |||
r-devel-windows-x86_64 | 0.1.2 | 6.00 | 57.00 | 63.00 | OK | |
r-patched-linux-x86_64 | 0.1.2 | 5.74 | 33.80 | 39.54 | OK | |
r-release-linux-x86_64 | 0.1.2 | 4.71 | 34.94 | 39.65 | OK | |
r-release-macos-arm64 | 0.1.2 | 26.00 | OK | |||
r-release-macos-x86_64 | 0.1.2 | 39.00 | OK | |||
r-release-windows-x86_64 | 0.1.2 | 7.00 | 59.00 | 66.00 | OK | |
r-oldrel-macos-arm64 | 0.1.2 | 26.00 | OK | |||
r-oldrel-macos-x86_64 | 0.1.2 | 43.00 | OK | |||
r-oldrel-windows-x86_64 | 0.1.2 | 8.00 | 68.00 | 76.00 | OK |
Version: 0.1.2
Check: CRAN incoming feasibility
Result: NOTE
Maintainer: ‘Selva Prabhakaran <selva86@gmail.com>’
No Authors@R field in DESCRIPTION.
Please add one, modifying
Authors@R: person(given = "Selva",
family = "Prabhakaran",
role = c("aut", "cre"),
email = "selva86@gmail.com")
as necessary.
Flavors: r-devel-linux-x86_64-debian-clang, r-devel-linux-x86_64-debian-gcc