Last updated on 2025-10-31 23:49:25 CET.
| Flavor | Version | Tinstall | Tcheck | Ttotal | Status | Flags | 
|---|---|---|---|---|---|---|
| r-devel-linux-x86_64-debian-clang | 2.0-1 | 3.80 | 27.50 | 31.30 | NOTE | |
| r-devel-linux-x86_64-debian-gcc | 2.0-1 | 2.73 | 22.05 | 24.78 | NOTE | |
| r-devel-linux-x86_64-fedora-clang | 2.0-1 | 47.63 | OK | |||
| r-devel-linux-x86_64-fedora-gcc | 2.0-1 | 44.31 | OK | |||
| r-devel-windows-x86_64 | 2.0-1 | 6.00 | 44.00 | 50.00 | OK | |
| r-patched-linux-x86_64 | 2.0-1 | 3.35 | 25.81 | 29.16 | OK | |
| r-release-linux-x86_64 | 2.0-1 | 3.72 | 26.08 | 29.80 | OK | |
| r-release-macos-arm64 | 2.0-1 | 2.00 | 25.00 | 27.00 | OK | |
| r-release-macos-x86_64 | 2.0-1 | 4.00 | 26.00 | 30.00 | OK | |
| r-release-windows-x86_64 | 2.0-1 | 6.00 | 45.00 | 51.00 | OK | |
| r-oldrel-macos-arm64 | 2.0-1 | 2.00 | 25.00 | 27.00 | OK | |
| r-oldrel-macos-x86_64 | 2.0-1 | 3.00 | 22.00 | 25.00 | OK | |
| r-oldrel-windows-x86_64 | 2.0-1 | 8.00 | 50.00 | 58.00 | OK | 
Version: 2.0-1
Check: CRAN incoming feasibility
Result: NOTE
  Maintainer: ‘Alexios Ghalanos <alexios@4dscape.com>’
  
  No Authors@R field in DESCRIPTION.
  Please add one, modifying
    Authors@R: person(given = "Alexios",
                      family = "Ghalanos",
                      role = c("aut", "cre"),
                      email = "alexios@4dscape.com")
  as necessary.
  
  Package CITATION file contains call(s) to old-style personList() or
  as.personList().  Please use c() on person objects instead.
  Package CITATION file contains call(s) to old-style citEntry().  Please
  use bibentry() instead.
Flavors: r-devel-linux-x86_64-debian-clang, r-devel-linux-x86_64-debian-gcc