Last updated on 2025-10-31 18:51:19 CET.
| Flavor | Version | Tinstall | Tcheck | Ttotal | Status | Flags | 
|---|---|---|---|---|---|---|
| r-devel-linux-x86_64-debian-clang | 1.2.0 | 229.39 | 57.80 | 287.19 | OK | |
| r-devel-linux-x86_64-debian-gcc | 1.2.0 | 189.54 | 41.59 | 231.13 | OK | |
| r-devel-linux-x86_64-fedora-clang | 1.2.0 | 359.00 | 133.11 | 492.11 | NOTE | |
| r-devel-linux-x86_64-fedora-gcc | 1.2.0 | 341.00 | 271.73 | 612.73 | NOTE | |
| r-devel-windows-x86_64 | 1.2.0 | 213.00 | 95.00 | 308.00 | OK | |
| r-patched-linux-x86_64 | 1.2.0 | 266.03 | 54.67 | 320.70 | OK | |
| r-release-linux-x86_64 | 1.2.0 | 262.87 | 54.00 | 316.87 | OK | |
| r-release-macos-arm64 | 1.2.0 | 37.00 | 5.00 | 42.00 | ERROR | |
| r-release-macos-x86_64 | 1.2.0 | 33.00 | 7.00 | 40.00 | ERROR | |
| r-release-windows-x86_64 | 1.2.0 | 221.00 | 94.00 | 315.00 | OK | |
| r-oldrel-macos-arm64 | 1.2.0 | 35.00 | 13.00 | 48.00 | ERROR | |
| r-oldrel-macos-x86_64 | 1.2.0 | 35.00 | 12.00 | 47.00 | ERROR | |
| r-oldrel-windows-x86_64 | 1.2.0 | 206.00 | 123.00 | 329.00 | OK | 
Version: 1.2.0
Check: dependencies in R code
Result: NOTE
  Namespaces in Imports field not imported from:
    ‘Rcpp’ ‘base’ ‘utils’
    All declared Imports should be used.
Flavors: r-devel-linux-x86_64-fedora-clang, r-devel-linux-x86_64-fedora-gcc
Version: 1.2.0
Check: whether package can be installed
Result: ERROR
  Installation failed.
Flavors: r-release-macos-arm64, r-release-macos-x86_64, r-oldrel-macos-arm64, r-oldrel-macos-x86_64