Last updated on 2025-05-10 22:50:21 CEST.
Flavor | Version | Tinstall | Tcheck | Ttotal | Status | Flags |
---|---|---|---|---|---|---|
r-devel-linux-x86_64-debian-clang | 1.3 | 27.54 | 97.26 | 124.80 | NOTE | |
r-devel-linux-x86_64-debian-gcc | 1.3 | 16.51 | 67.04 | 83.55 | NOTE | |
r-devel-linux-x86_64-fedora-clang | 1.3 | 196.26 | OK | |||
r-devel-linux-x86_64-fedora-gcc | 1.3 | 186.36 | OK | |||
r-devel-windows-x86_64 | 1.3 | 27.00 | 120.00 | 147.00 | OK | |
r-patched-linux-x86_64 | 1.3 | 24.65 | 89.43 | 114.08 | OK | |
r-release-linux-x86_64 | 1.3 | 24.79 | 89.09 | 113.88 | OK | |
r-release-macos-arm64 | 1.3 | 51.00 | OK | |||
r-release-macos-x86_64 | 1.3 | 98.00 | OK | |||
r-release-windows-x86_64 | 1.3 | 28.00 | 124.00 | 152.00 | OK | |
r-oldrel-macos-arm64 | 1.3 | 47.00 | NOTE | |||
r-oldrel-macos-x86_64 | 1.3 | 70.00 | NOTE | |||
r-oldrel-windows-x86_64 | 1.3 | 34.00 | 154.00 | 188.00 | NOTE |
Version: 1.3
Check: CRAN incoming feasibility
Result: NOTE
Maintainer: ‘Marius Placzek <marius.placzek@med.uni-goettingen.de>’
No Authors@R field in DESCRIPTION.
Please add one, modifying
Authors@R: c(person(given = "T.",
family = "Asendorf",
role = "aut"),
person(given = "R.",
family = "Gera",
role = "aut"),
person(given = "S.",
family = "Islam",
role = "aut"),
person(given = "M.",
family = "Harden",
role = "aut"),
person(given = "M.",
family = "Placzek",
role = "aut"),
person(given = "Marius",
family = "Placzek",
role = "cre",
email = "marius.placzek@med.uni-goettingen.de"))
as necessary.
Flavors: r-devel-linux-x86_64-debian-clang, r-devel-linux-x86_64-debian-gcc
Version: 1.3
Check: LazyData
Result: NOTE
'LazyData' is specified without a 'data' directory
Flavors: r-oldrel-macos-arm64, r-oldrel-macos-x86_64, r-oldrel-windows-x86_64