CRAN Package Check Results for Package sparseLDA

Last updated on 2025-10-22 09:50:53 CEST.

Flavor Version Tinstall Tcheck Ttotal Status Flags
r-devel-linux-x86_64-debian-clang 0.1-9 1.90 25.81 27.71 NOTE
r-devel-linux-x86_64-debian-gcc 0.1-9 1.62 20.10 21.72 NOTE
r-devel-linux-x86_64-fedora-clang 0.1-9 12.00 31.28 43.28 OK
r-devel-linux-x86_64-fedora-gcc 0.1-9 39.49 OK
r-devel-windows-x86_64 0.1-9 4.00 43.00 47.00 OK
r-patched-linux-x86_64 0.1-9 2.66 24.24 26.90 OK
r-release-linux-x86_64 0.1-9 2.43 24.17 26.60 OK
r-release-macos-arm64 0.1-9 2.00 16.00 18.00 OK
r-release-macos-x86_64 0.1-9 2.00 25.00 27.00 OK
r-release-windows-x86_64 0.1-9 3.00 45.00 48.00 OK
r-oldrel-macos-arm64 0.1-9 1.00 16.00 17.00 OK
r-oldrel-macos-x86_64 0.1-9 2.00 21.00 23.00 OK
r-oldrel-windows-x86_64 0.1-9 4.00 48.00 52.00 OK

Check Details

Version: 0.1-9
Check: CRAN incoming feasibility
Result: NOTE Maintainer: ‘Max Kuhn <mxkuhn@gmail.com>’ No Authors@R field in DESCRIPTION. Please add one, modifying Authors@R: c(person(given = "Line", family = "Clemmensen", role = "aut", email = "lhc@imm.dtu.dk"), person(given = c("contributions", "by", "Max"), family = "Kuhn", role = "aut"), person(given = "Max", family = "Kuhn", role = "cre", email = "mxkuhn@gmail.com")) as necessary. Flavors: r-devel-linux-x86_64-debian-clang, r-devel-linux-x86_64-debian-gcc