Last updated on 2025-05-08 16:54:35 CEST.
Flavor | Version | Tinstall | Tcheck | Ttotal | Status | Flags |
---|---|---|---|---|---|---|
r-devel-linux-x86_64-debian-clang | 0.0.4 | 6.83 | 56.83 | 63.66 | NOTE | |
r-devel-linux-x86_64-debian-gcc | 0.0.4 | 4.88 | 40.53 | 45.41 | NOTE | |
r-devel-linux-x86_64-fedora-clang | 0.0.4 | 99.10 | NOTE | |||
r-devel-linux-x86_64-fedora-gcc | 0.0.4 | 88.55 | NOTE | |||
r-devel-windows-x86_64 | 0.0.4 | 9.00 | 68.00 | 77.00 | NOTE | |
r-patched-linux-x86_64 | 0.0.4 | 6.54 | 52.14 | 58.68 | NOTE | |
r-release-linux-x86_64 | 0.0.4 | 5.91 | 51.29 | 57.20 | NOTE | |
r-release-macos-arm64 | 0.0.4 | 30.00 | NOTE | |||
r-release-macos-x86_64 | 0.0.4 | 51.00 | NOTE | |||
r-release-windows-x86_64 | 0.0.4 | 7.00 | 69.00 | 76.00 | NOTE | |
r-oldrel-macos-arm64 | 0.0.4 | 29.00 | NOTE | |||
r-oldrel-macos-x86_64 | 0.0.4 | 45.00 | NOTE | |||
r-oldrel-windows-x86_64 | 0.0.4 | 11.00 | 80.00 | 91.00 | NOTE |
Version: 0.0.4
Check: Rd files
Result: NOTE
checkRd: (-1) sdf_unnest.Rd:20: Lost braces
20 | \code{a1, a2, a3}, then code{sdf_explode(df, a)} will produce output with each record replicated
| ^
Flavors: r-devel-linux-x86_64-debian-clang, r-devel-linux-x86_64-debian-gcc, r-devel-linux-x86_64-fedora-clang, r-devel-linux-x86_64-fedora-gcc, r-devel-windows-x86_64, r-patched-linux-x86_64, r-release-linux-x86_64, r-release-macos-arm64, r-release-macos-x86_64, r-release-windows-x86_64, r-oldrel-macos-arm64, r-oldrel-macos-x86_64, r-oldrel-windows-x86_64