Last updated on 2025-10-24 18:50:08 CEST.
| Flavor | Version | Tinstall | Tcheck | Ttotal | Status | Flags |
|---|---|---|---|---|---|---|
| r-devel-linux-x86_64-debian-clang | 0.2.9 | 3.28 | 44.69 | 47.97 | NOTE | |
| r-devel-linux-x86_64-debian-gcc | 0.2.9 | 2.29 | 32.60 | 34.89 | NOTE | |
| r-devel-linux-x86_64-fedora-clang | 0.2.9 | 72.63 | NOTE | |||
| r-devel-linux-x86_64-fedora-gcc | 0.2.9 | 96.69 | NOTE | |||
| r-devel-windows-x86_64 | 0.2.9 | 6.00 | 61.00 | 67.00 | NOTE | |
| r-patched-linux-x86_64 | 0.2.9 | 3.48 | 41.85 | 45.33 | NOTE | |
| r-release-linux-x86_64 | 0.2.9 | 3.17 | 41.41 | 44.58 | NOTE | |
| r-release-macos-arm64 | 0.2.9 | 2.00 | 34.00 | 36.00 | NOTE | |
| r-release-macos-x86_64 | 0.2.9 | 4.00 | 64.00 | 68.00 | OK | |
| r-release-windows-x86_64 | 0.2.9 | 6.00 | 70.00 | 76.00 | NOTE | |
| r-oldrel-macos-arm64 | 0.2.9 | 1.00 | 39.00 | 40.00 | OK | |
| r-oldrel-macos-x86_64 | 0.2.9 | 3.00 | 57.00 | 60.00 | OK | |
| r-oldrel-windows-x86_64 | 0.2.9 | 7.00 | 74.00 | 81.00 | OK |
Version: 0.2.9
Check: DESCRIPTION meta-information
Result: NOTE
Missing dependency on R >= 4.1.0 because package code uses the pipe
|> or function shorthand \(...) syntax added in R 4.1.0.
File(s) using such syntax:
‘glimpse_na.Rd’
Flavors: r-devel-linux-x86_64-debian-clang, r-devel-linux-x86_64-debian-gcc, r-devel-linux-x86_64-fedora-clang, r-devel-linux-x86_64-fedora-gcc, r-devel-windows-x86_64, r-patched-linux-x86_64, r-release-linux-x86_64, r-release-macos-arm64, r-release-windows-x86_64