CRAN Package Check Results for Package simplegraph

Last updated on 2025-05-10 04:51:55 CEST.

Flavor Version Tinstall Tcheck Ttotal Status Flags
r-devel-linux-x86_64-debian-clang 1.0.1 2.07 25.31 27.38 NOTE
r-devel-linux-x86_64-debian-gcc 1.0.1 1.56 20.04 21.60 NOTE
r-devel-linux-x86_64-fedora-clang 1.0.1 40.00 OK
r-devel-linux-x86_64-fedora-gcc 1.0.1 38.36 OK
r-devel-windows-x86_64 1.0.1 3.00 49.00 52.00 OK
r-patched-linux-x86_64 1.0.1 2.59 22.74 25.33 OK
r-release-linux-x86_64 1.0.1 2.03 22.59 24.62 OK
r-release-macos-arm64 1.0.1 19.00 OK
r-release-macos-x86_64 1.0.1 28.00 OK
r-release-windows-x86_64 1.0.1 3.00 50.00 53.00 OK
r-oldrel-macos-arm64 1.0.1 16.00 OK
r-oldrel-macos-x86_64 1.0.1 23.00 OK
r-oldrel-windows-x86_64 1.0.1 4.00 55.00 59.00 OK

Check Details

Version: 1.0.1
Check: CRAN incoming feasibility
Result: NOTE Maintainer: ‘Gabor Csardi <csardi.gabor@gmail.com>’ No Authors@R field in DESCRIPTION. Please add one, modifying Authors@R: person(given = "Gabor", family = "Csardi", role = c("aut", "cre"), email = "csardi.gabor@gmail.com") as necessary. Flavors: r-devel-linux-x86_64-debian-clang, r-devel-linux-x86_64-debian-gcc