Last updated on 2025-10-31 20:48:51 CET.
| Flavor | Version | Tinstall | Tcheck | Ttotal | Status | Flags | 
|---|---|---|---|---|---|---|
| r-devel-linux-x86_64-debian-clang | 0.3.0 | 6.94 | 62.01 | 68.95 | NOTE | |
| r-devel-linux-x86_64-debian-gcc | 0.3.0 | 4.68 | 46.47 | 51.15 | NOTE | |
| r-devel-linux-x86_64-fedora-clang | 0.3.0 | 15.00 | 89.89 | 104.89 | OK | |
| r-devel-linux-x86_64-fedora-gcc | 0.3.0 | 13.00 | 87.00 | 100.00 | OK | |
| r-devel-windows-x86_64 | 0.3.0 | 8.00 | 70.00 | 78.00 | OK | |
| r-patched-linux-x86_64 | 0.3.0 | 7.24 | 59.14 | 66.38 | OK | |
| r-release-linux-x86_64 | 0.3.0 | 5.65 | 59.15 | 64.80 | OK | |
| r-release-macos-arm64 | 0.3.0 | 3.00 | 32.00 | 35.00 | OK | |
| r-release-macos-x86_64 | 0.3.0 | 6.00 | 55.00 | 61.00 | OK | |
| r-release-windows-x86_64 | 0.3.0 | 9.00 | 73.00 | 82.00 | OK | |
| r-oldrel-macos-arm64 | 0.3.0 | 3.00 | 28.00 | 31.00 | OK | |
| r-oldrel-macos-x86_64 | 0.3.0 | 4.00 | 43.00 | 47.00 | OK | |
| r-oldrel-windows-x86_64 | 0.3.0 | 9.00 | 84.00 | 93.00 | OK | 
Version: 0.3.0
Check: CRAN incoming feasibility
Result: NOTE
  Maintainer: ‘Hyung Park <parkh15@nyu.edu>’
  
  No Authors@R field in DESCRIPTION.
  Please add one, modifying
    Authors@R: c(person(given = "Hyung",
                        family = "Park",
                        role = c("aut", "cre"),
                        email = "parkh15@nyu.edu"),
                 person(given = "Eva",
                        family = "Petkova",
                        role = "aut"),
                 person(given = "Thaddeus",
                        family = "Tarpey",
                        role = "aut"),
                 person(given = c("R.", "Todd"),
                        family = "Ogden",
                        role = "aut"))
  as necessary.
Flavors: r-devel-linux-x86_64-debian-clang, r-devel-linux-x86_64-debian-gcc