Last updated on 2025-05-10 04:51:55 CEST.
Flavor | Version | Tinstall | Tcheck | Ttotal | Status | Flags |
---|---|---|---|---|---|---|
r-devel-linux-x86_64-debian-clang | 1.0.0 | 71.89 | 89.85 | 161.74 | OK | |
r-devel-linux-x86_64-debian-gcc | 1.0.0 | 54.30 | 63.87 | 118.17 | OK | |
r-devel-linux-x86_64-fedora-clang | 1.0.0 | 278.48 | OK | |||
r-devel-linux-x86_64-fedora-gcc | 1.0.0 | 284.48 | OK | |||
r-devel-windows-x86_64 | 1.0.0 | 93.00 | 130.00 | 223.00 | OK | |
r-patched-linux-x86_64 | 1.0.0 | 74.35 | 82.33 | 156.68 | OK | |
r-release-linux-x86_64 | 1.0.0 | 71.69 | 83.41 | 155.10 | OK | |
r-release-macos-arm64 | 1.0.0 | 63.00 | OK | |||
r-release-macos-x86_64 | 1.0.0 | 112.00 | OK | |||
r-release-windows-x86_64 | 1.0.0 | 91.00 | 129.00 | 220.00 | OK | |
r-oldrel-macos-arm64 | 1.0.0 | 62.00 | NOTE | |||
r-oldrel-macos-x86_64 | 1.0.0 | 103.00 | NOTE | |||
r-oldrel-windows-x86_64 | 1.0.0 | 111.00 | 166.00 | 277.00 | NOTE |
Version: 1.0.0
Check: installed package size
Result: NOTE
installed size is 18.9Mb
sub-directories of 1Mb or more:
extdata 13.0Mb
libs 5.2Mb
Flavors: r-oldrel-macos-arm64, r-oldrel-macos-x86_64, r-oldrel-windows-x86_64