Last updated on 2025-10-31 23:49:24 CET.
| Flavor | Version | Tinstall | Tcheck | Ttotal | Status | Flags | 
|---|---|---|---|---|---|---|
| r-devel-linux-x86_64-debian-clang | 1.0.0 | 1.78 | 20.81 | 22.59 | NOTE | |
| r-devel-linux-x86_64-debian-gcc | 1.0.0 | 1.36 | 17.22 | 18.58 | NOTE | |
| r-devel-linux-x86_64-fedora-clang | 1.0.0 | 32.61 | OK | |||
| r-devel-linux-x86_64-fedora-gcc | 1.0.0 | 31.51 | OK | |||
| r-devel-windows-x86_64 | 1.0.0 | 3.00 | 119.00 | 122.00 | OK | |
| r-patched-linux-x86_64 | 1.0.0 | 1.99 | 19.61 | 21.60 | OK | |
| r-release-linux-x86_64 | 1.0.0 | 1.84 | 19.62 | 21.46 | OK | |
| r-release-macos-arm64 | 1.0.0 | 2.00 | 17.00 | 19.00 | OK | |
| r-release-macos-x86_64 | 1.0.0 | 2.00 | 24.00 | 26.00 | OK | |
| r-release-windows-x86_64 | 1.0.0 | 4.00 | 46.00 | 50.00 | OK | |
| r-oldrel-macos-arm64 | 1.0.0 | 1.00 | 16.00 | 17.00 | NOTE | |
| r-oldrel-macos-x86_64 | 1.0.0 | 2.00 | 20.00 | 22.00 | NOTE | |
| r-oldrel-windows-x86_64 | 1.0.0 | 4.00 | 48.00 | 52.00 | NOTE | 
Version: 1.0.0
Check: CRAN incoming feasibility
Result: NOTE
  Maintainer: ‘Noé Palmerin  <sie@banxico.org.mx>’
  
  No Authors@R field in DESCRIPTION.
  Please add one, modifying
    Authors@R: c(person(given = c("DGIE", "-", "Banco"),
                        family = "de México",
                        role = "aut"),
                 person(given = "Noé",
                        family = "Palmerin",
                        role = "cre",
                        email = "sie@banxico.org.mx"))
  as necessary.
Flavors: r-devel-linux-x86_64-debian-clang, r-devel-linux-x86_64-debian-gcc
Version: 1.0.0
Check: LazyData
Result: NOTE
    'LazyData' is specified without a 'data' directory
Flavors: r-oldrel-macos-arm64, r-oldrel-macos-x86_64, r-oldrel-windows-x86_64