Last updated on 2025-05-08 08:50:26 CEST.
Flavor | Version | Tinstall | Tcheck | Ttotal | Status | Flags |
---|---|---|---|---|---|---|
r-devel-linux-x86_64-debian-clang | 0.0.8 | 18.53 | 142.55 | 161.08 | NOTE | |
r-devel-linux-x86_64-debian-gcc | 0.0.8 | 12.97 | 98.13 | 111.10 | NOTE | |
r-devel-linux-x86_64-fedora-clang | 0.0.8 | 229.76 | NOTE | |||
r-devel-linux-x86_64-fedora-gcc | 0.0.8 | 243.57 | NOTE | |||
r-devel-windows-x86_64 | 0.0.8 | 18.00 | 129.00 | 147.00 | NOTE | |
r-patched-linux-x86_64 | 0.0.8 | 17.71 | 131.12 | 148.83 | NOTE | |
r-release-linux-x86_64 | 0.0.8 | 17.04 | 131.41 | 148.45 | NOTE | |
r-release-macos-arm64 | 0.0.8 | 65.00 | NOTE | |||
r-release-macos-x86_64 | 0.0.8 | 147.00 | NOTE | |||
r-release-windows-x86_64 | 0.0.8 | 19.00 | 131.00 | 150.00 | NOTE | |
r-oldrel-macos-arm64 | 0.0.8 | 66.00 | OK | |||
r-oldrel-macos-x86_64 | 0.0.8 | 103.00 | OK | |||
r-oldrel-windows-x86_64 | 0.0.8 | 26.00 | 166.00 | 192.00 | OK |
Version: 0.0.8
Check: DESCRIPTION meta-information
Result: NOTE
Missing dependency on R >= 4.1.0 because package code uses the pipe
|> or function shorthand \(...) syntax added in R 4.1.0.
File(s) using such syntax:
‘app_server.R’ ‘function.R’
Flavors: r-devel-linux-x86_64-debian-clang, r-devel-linux-x86_64-debian-gcc, r-devel-linux-x86_64-fedora-clang, r-devel-linux-x86_64-fedora-gcc, r-devel-windows-x86_64, r-patched-linux-x86_64, r-release-linux-x86_64, r-release-macos-arm64, r-release-macos-x86_64, r-release-windows-x86_64