Last updated on 2025-10-31 20:48:51 CET.
| Flavor | Version | Tinstall | Tcheck | Ttotal | Status | Flags | 
|---|---|---|---|---|---|---|
| r-devel-linux-x86_64-debian-clang | 1.0.0 | 3.73 | 35.44 | 39.17 | OK | |
| r-devel-linux-x86_64-debian-gcc | 1.0.0 | 2.83 | 27.85 | 30.68 | OK | |
| r-devel-linux-x86_64-fedora-clang | 1.0.0 | 56.48 | OK | |||
| r-devel-linux-x86_64-fedora-gcc | 1.0.0 | 10.00 | 45.52 | 55.52 | OK | |
| r-devel-windows-x86_64 | 1.0.0 | 6.00 | 51.00 | 57.00 | OK | |
| r-patched-linux-x86_64 | 1.0.0 | 3.68 | 32.79 | 36.47 | OK | |
| r-release-linux-x86_64 | 1.0.0 | 3.31 | 32.77 | 36.08 | OK | |
| r-release-macos-arm64 | 1.0.0 | 2.00 | 23.00 | 25.00 | OK | |
| r-release-macos-x86_64 | 1.0.0 | 3.00 | 33.00 | 36.00 | OK | |
| r-release-windows-x86_64 | 1.0.0 | 7.00 | 55.00 | 62.00 | OK | |
| r-oldrel-macos-arm64 | 1.0.0 | 2.00 | 18.00 | 20.00 | NOTE | |
| r-oldrel-macos-x86_64 | 1.0.0 | 3.00 | 27.00 | 30.00 | NOTE | |
| r-oldrel-windows-x86_64 | 1.0.0 | 7.00 | 62.00 | 69.00 | NOTE | 
Version: 1.0.0
Check: LazyData
Result: NOTE
    'LazyData' is specified without a 'data' directory
Flavors: r-oldrel-macos-arm64, r-oldrel-macos-x86_64, r-oldrel-windows-x86_64