Last updated on 2025-10-31 18:51:17 CET.
| Flavor | Version | Tinstall | Tcheck | Ttotal | Status | Flags | 
|---|---|---|---|---|---|---|
| r-devel-linux-x86_64-debian-clang | 0.1 | 11.10 | 91.98 | 103.08 | NOTE | |
| r-devel-linux-x86_64-debian-gcc | 0.1 | 8.42 | 67.56 | 75.98 | NOTE | |
| r-devel-linux-x86_64-fedora-clang | 0.1 | 24.00 | 137.02 | 161.02 | OK | |
| r-devel-linux-x86_64-fedora-gcc | 0.1 | 62.00 | 104.67 | 166.67 | OK | |
| r-devel-windows-x86_64 | 0.1 | 13.00 | 94.00 | 107.00 | OK | |
| r-patched-linux-x86_64 | 0.1 | 11.45 | 88.23 | 99.68 | OK | |
| r-release-linux-x86_64 | 0.1 | 11.90 | 87.85 | 99.75 | OK | |
| r-release-macos-arm64 | 0.1 | 6.00 | 45.00 | 51.00 | OK | |
| r-release-macos-x86_64 | 0.1 | 10.00 | 73.00 | 83.00 | OK | |
| r-release-windows-x86_64 | 0.1 | 15.00 | 183.00 | 198.00 | OK | |
| r-oldrel-macos-arm64 | 0.1 | 4.00 | 34.00 | 38.00 | NOTE | |
| r-oldrel-macos-x86_64 | 0.1 | 8.00 | 56.00 | 64.00 | NOTE | |
| r-oldrel-windows-x86_64 | 0.1 | 18.00 | 119.00 | 137.00 | NOTE | 
Version: 0.1
Check: CRAN incoming feasibility
Result: NOTE
  Maintainer: ‘Huseyin Yildiz <huseyinyildiz35@gmail.com>’
  
  No Authors@R field in DESCRIPTION.
  Please add one, modifying
    Authors@R: person(given = "Huseyin",
                      family = "Yildiz",
                      role = c("aut", "cre"),
                      email = "huseyinyildiz35@gmail.com")
  as necessary.
Flavors: r-devel-linux-x86_64-debian-clang, r-devel-linux-x86_64-debian-gcc
Version: 0.1
Check: LazyData
Result: NOTE
    'LazyData' is specified without a 'data' directory
Flavors: r-oldrel-macos-arm64, r-oldrel-macos-x86_64, r-oldrel-windows-x86_64