Last updated on 2025-05-10 21:50:21 CEST.
Flavor | Version | Tinstall | Tcheck | Ttotal | Status | Flags |
---|---|---|---|---|---|---|
r-devel-linux-x86_64-debian-clang | 1.10.0 | 34.60 | 157.89 | 192.49 | OK | |
r-devel-linux-x86_64-debian-gcc | 1.10.0 | 22.36 | 105.19 | 127.55 | OK | |
r-devel-linux-x86_64-fedora-clang | 1.10.0 | 318.43 | OK | |||
r-devel-linux-x86_64-fedora-gcc | 1.10.0 | 279.89 | OK | |||
r-devel-windows-x86_64 | 1.10.0 | 37.00 | 199.00 | 236.00 | OK | |
r-patched-linux-x86_64 | 1.10.0 | 40.25 | 145.43 | 185.68 | OK | |
r-release-linux-x86_64 | 1.10.0 | 33.26 | 144.66 | 177.92 | OK | |
r-release-macos-arm64 | 1.10.0 | 95.00 | OK | |||
r-release-macos-x86_64 | 1.10.0 | 193.00 | OK | |||
r-release-windows-x86_64 | 1.10.0 | 37.00 | 194.00 | 231.00 | OK | |
r-oldrel-macos-arm64 | 1.10.0 | 79.00 | NOTE | |||
r-oldrel-macos-x86_64 | 1.10.0 | 163.00 | NOTE | |||
r-oldrel-windows-x86_64 | 1.10.0 | 49.00 | 240.00 | 289.00 | NOTE |
Version: 1.10.0
Check: installed package size
Result: NOTE
installed size is 14.2Mb
sub-directories of 1Mb or more:
R 2.1Mb
www 10.3Mb
Flavors: r-oldrel-macos-arm64, r-oldrel-macos-x86_64, r-oldrel-windows-x86_64