Last updated on 2025-11-18 16:49:49 CET.
| Flavor | Version | Tinstall | Tcheck | Ttotal | Status | Flags |
|---|---|---|---|---|---|---|
| r-devel-linux-x86_64-debian-clang | 1.4.8 | 10.81 | 130.52 | 141.33 | OK | |
| r-devel-linux-x86_64-debian-gcc | 1.4.8 | 8.84 | 99.07 | 107.91 | OK | |
| r-devel-linux-x86_64-fedora-clang | 1.4.8 | 23.00 | 190.68 | 213.68 | OK | |
| r-devel-linux-x86_64-fedora-gcc | 1.4.8 | 41.00 | 179.37 | 220.37 | OK | |
| r-devel-windows-x86_64 | 1.4.8 | 17.00 | 151.00 | 168.00 | OK | |
| r-patched-linux-x86_64 | 1.4.8 | 15.20 | 117.94 | 133.14 | OK | |
| r-release-linux-x86_64 | 1.4.8 | 11.43 | 117.98 | 129.41 | OK | |
| r-release-macos-arm64 | 1.4.8 | 5.00 | 55.00 | 60.00 | OK | |
| r-release-macos-x86_64 | 1.4.8 | 10.00 | 88.00 | 98.00 | OK | |
| r-release-windows-x86_64 | 1.4.8 | 15.00 | 168.00 | 183.00 | OK | |
| r-oldrel-macos-arm64 | 1.4.8 | 5.00 | 60.00 | 65.00 | NOTE | |
| r-oldrel-macos-x86_64 | 1.4.8 | 9.00 | 97.00 | 106.00 | NOTE | |
| r-oldrel-windows-x86_64 | 1.4.8 | 19.00 | 185.00 | 204.00 | NOTE |
Version: 1.4.8
Check: package dependencies
Result: NOTE
Package suggested but not available for checking: ‘rCOSA’
Flavors: r-oldrel-macos-arm64, r-oldrel-macos-x86_64
Version: 1.4.8
Check: Rd cross-references
Result: NOTE
Package unavailable to check Rd xrefs: ‘rCOSA’
Flavors: r-oldrel-macos-arm64, r-oldrel-macos-x86_64, r-oldrel-windows-x86_64
Version: 1.4.8
Check: package dependencies
Result: NOTE
Packages suggested but not available for checking: 'OpenMx', 'rCOSA'
Flavor: r-oldrel-windows-x86_64