Last updated on 2025-05-10 17:50:46 CEST.
Flavor | Version | Tinstall | Tcheck | Ttotal | Status | Flags |
---|---|---|---|---|---|---|
r-devel-linux-x86_64-debian-clang | 1.4.5 | 9.72 | 381.29 | 391.01 | NOTE | |
r-devel-linux-x86_64-debian-gcc | 1.4.5 | 5.97 | 254.44 | 260.41 | NOTE | |
r-devel-linux-x86_64-fedora-clang | 1.4.5 | 655.23 | NOTE | |||
r-devel-linux-x86_64-fedora-gcc | 1.4.5 | 626.69 | NOTE | |||
r-devel-windows-x86_64 | 1.4.5 | 10.00 | 303.00 | 313.00 | NOTE | |
r-patched-linux-x86_64 | 1.4.5 | 9.85 | 356.17 | 366.02 | NOTE | |
r-release-linux-x86_64 | 1.4.5 | 6.97 | 362.71 | 369.68 | NOTE | |
r-release-macos-arm64 | 1.4.5 | 207.00 | NOTE | |||
r-release-macos-x86_64 | 1.4.5 | 331.00 | NOTE | |||
r-release-windows-x86_64 | 1.4.5 | 11.00 | 304.00 | 315.00 | NOTE | |
r-oldrel-macos-arm64 | 1.4.5 | 139.00 | OK | |||
r-oldrel-macos-x86_64 | 1.4.5 | 219.00 | OK | |||
r-oldrel-windows-x86_64 | 1.4.5 | 14.00 | 394.00 | 408.00 | OK |
Version: 1.4.5
Check: DESCRIPTION meta-information
Result: NOTE
Missing dependency on R >= 4.1.0 because package code uses the pipe
|> or function shorthand \(...) syntax added in R 4.1.0.
File(s) using such syntax:
‘sample_systematic.R’
Flavors: r-devel-linux-x86_64-debian-clang, r-devel-linux-x86_64-debian-gcc, r-devel-linux-x86_64-fedora-clang, r-devel-linux-x86_64-fedora-gcc, r-devel-windows-x86_64, r-patched-linux-x86_64, r-release-linux-x86_64, r-release-macos-arm64, r-release-macos-x86_64, r-release-windows-x86_64