Last updated on 2025-10-31 23:49:24 CET.
| Flavor | Version | Tinstall | Tcheck | Ttotal | Status | Flags | 
|---|---|---|---|---|---|---|
| r-devel-linux-x86_64-debian-clang | 0.2.0.0 | 65.06 | 609.46 | 674.52 | OK | |
| r-devel-linux-x86_64-debian-gcc | 0.2.0.0 | 49.29 | 441.19 | 490.48 | OK | |
| r-devel-linux-x86_64-fedora-clang | 0.2.0.0 | 147.00 | 941.55 | 1088.55 | OK | |
| r-devel-linux-x86_64-fedora-gcc | 0.2.0.0 | 320.00 | 814.62 | 1134.62 | OK | |
| r-devel-windows-x86_64 | 0.2.0.0 | 73.00 | 475.00 | 548.00 | OK | |
| r-patched-linux-x86_64 | 0.2.0.0 | 0.47 | 1.94 | 2.41 | ERROR | |
| r-release-linux-x86_64 | 0.2.0.0 | 62.49 | 583.97 | 646.46 | OK | |
| r-release-macos-arm64 | 0.2.0.0 | 5.00 | ERROR | |||
| r-release-macos-x86_64 | 0.2.0.0 | 8.00 | ERROR | |||
| r-release-windows-x86_64 | 0.2.0.0 | 72.00 | 472.00 | 544.00 | OK | |
| r-oldrel-macos-arm64 | 0.2.0.0 | 10.00 | ERROR | |||
| r-oldrel-macos-x86_64 | 0.2.0.0 | 13.00 | ERROR | |||
| r-oldrel-windows-x86_64 | 0.2.0.0 | 95.00 | 644.00 | 739.00 | NOTE | 
Version: 0.2.0.0
Check: package dependencies
Result: ERROR
  Packages required but not available:
    'batchelor', 'ReactomeGSA', 'celldex', 'SingleR',
    'SummarizedExperiment'
  
  See section ‘The DESCRIPTION file’ in the ‘Writing R Extensions’
  manual.
Flavor: r-patched-linux-x86_64
Version: 0.2.0.0
Check: package dependencies
Result: ERROR
  Package required but not available: ‘celldex’
  
  See section ‘The DESCRIPTION file’ in the ‘Writing R Extensions’
  manual.
Flavors: r-release-macos-arm64, r-oldrel-macos-arm64
Version: 0.2.0.0
Check: package dependencies
Result: ERROR
  Packages required but not available: 'ReactomeGSA', 'celldex', 'SingleR'
  
  See section ‘The DESCRIPTION file’ in the ‘Writing R Extensions’
  manual.
Flavor: r-release-macos-x86_64
Version: 0.2.0.0
Check: package dependencies
Result: ERROR
  Packages required but not available: 'ReactomeGSA', 'celldex'
  
  See section ‘The DESCRIPTION file’ in the ‘Writing R Extensions’
  manual.
Flavor: r-oldrel-macos-x86_64
Version: 0.2.0.0
Check: installed package size
Result: NOTE
    installed size is 16.8Mb
    sub-directories of 1Mb or more:
      extdata  16.7Mb
Flavor: r-oldrel-windows-x86_64