Last updated on 2025-07-09 13:51:30 CEST.
Flavor | Version | Tinstall | Tcheck | Ttotal | Status | Flags |
---|---|---|---|---|---|---|
r-devel-linux-x86_64-debian-clang | 1.3.2 | 3.75 | 42.88 | 46.63 | NOTE | |
r-devel-linux-x86_64-debian-gcc | 1.4.0 | 2.49 | 30.08 | 32.57 | OK | |
r-devel-linux-x86_64-fedora-clang | 1.4.0 | 66.46 | OK | |||
r-devel-linux-x86_64-fedora-gcc | 1.4.0 | 79.43 | OK | |||
r-devel-windows-x86_64 | 1.3.2 | 6.00 | 68.00 | 74.00 | OK | |
r-patched-linux-x86_64 | 1.3.2 | 4.70 | 40.03 | 44.73 | NOTE | |
r-release-linux-x86_64 | 1.3.2 | 3.45 | 39.39 | 42.84 | NOTE | |
r-release-macos-arm64 | 1.3.2 | 35.00 | OK | |||
r-release-macos-x86_64 | 1.4.0 | 63.00 | OK | |||
r-release-windows-x86_64 | 1.4.0 | 6.00 | 64.00 | 70.00 | OK | |
r-oldrel-macos-arm64 | 1.3.2 | 31.00 | OK | |||
r-oldrel-macos-x86_64 | 1.4.0 | 54.00 | OK | |||
r-oldrel-windows-x86_64 | 1.4.0 | 6.00 | 71.00 | 77.00 | OK |
Version: 1.3.2
Check: for unstated dependencies in ‘demo’
Result: NOTE
'library' or 'require' calls not declared from:
‘maps’ ‘sp’
Flavors: r-devel-linux-x86_64-debian-clang, r-patched-linux-x86_64, r-release-linux-x86_64