Last updated on 2025-05-10 19:51:08 CEST.
Flavor | Version | Tinstall | Tcheck | Ttotal | Status | Flags |
---|---|---|---|---|---|---|
r-devel-linux-x86_64-debian-clang | 0.4.10 | 170.75 | 49.23 | 219.98 | OK | |
r-devel-linux-x86_64-debian-gcc | 0.4.10 | 116.70 | 39.95 | 156.65 | OK | |
r-devel-linux-x86_64-fedora-clang | 0.4.10 | 562.33 | OK | |||
r-devel-linux-x86_64-fedora-gcc | 0.4.10 | 522.67 | OK | |||
r-devel-windows-x86_64 | 0.4.10 | 239.00 | 111.00 | 350.00 | OK | |
r-patched-linux-x86_64 | 0.4.10 | 161.33 | 49.30 | 210.63 | OK | |
r-release-linux-x86_64 | 0.4.10 | 161.84 | 48.84 | 210.68 | OK | |
r-release-macos-arm64 | 0.4.10 | 113.00 | OK | |||
r-release-macos-x86_64 | 0.4.10 | 264.00 | OK | |||
r-release-windows-x86_64 | 0.4.10 | 235.00 | 109.00 | 344.00 | OK | |
r-oldrel-macos-arm64 | 0.4.10 | 110.00 | NOTE | |||
r-oldrel-macos-x86_64 | 0.4.10 | 281.00 | NOTE | |||
r-oldrel-windows-x86_64 | 0.4.10 | 285.00 | 144.00 | 429.00 | NOTE |
Version: 0.4.10
Check: installed package size
Result: NOTE
installed size is 5.4Mb
sub-directories of 1Mb or more:
doc 1.7Mb
libs 3.3Mb
Flavors: r-oldrel-macos-arm64, r-oldrel-macos-x86_64, r-oldrel-windows-x86_64
Version: 0.4.10
Check: for GNU extensions in Makefiles
Result: NOTE
GNU make is a SystemRequirements.
Flavors: r-oldrel-macos-arm64, r-oldrel-macos-x86_64, r-oldrel-windows-x86_64