Last updated on 2025-10-31 18:51:17 CET.
| Flavor | Version | Tinstall | Tcheck | Ttotal | Status | Flags | 
|---|---|---|---|---|---|---|
| r-devel-linux-x86_64-debian-clang | 3.0 | 9.67 | 81.41 | 91.08 | NOTE | |
| r-devel-linux-x86_64-debian-gcc | 3.0 | 5.19 | 57.54 | 62.73 | NOTE | |
| r-devel-linux-x86_64-fedora-clang | 3.0 | 19.00 | 119.92 | 138.92 | NOTE | |
| r-devel-linux-x86_64-fedora-gcc | 3.0 | 34.00 | 112.67 | 146.67 | NOTE | |
| r-devel-windows-x86_64 | 3.0 | 12.00 | 96.00 | 108.00 | NOTE | |
| r-patched-linux-x86_64 | 3.0 | 9.62 | 77.57 | 87.19 | NOTE | |
| r-release-linux-x86_64 | 3.0 | 7.46 | 77.26 | 84.72 | NOTE | |
| r-release-macos-arm64 | 3.0 | 5.00 | 37.00 | 42.00 | NOTE | |
| r-release-macos-x86_64 | 3.0 | 17.00 | 65.00 | 82.00 | NOTE | |
| r-release-windows-x86_64 | 3.0 | 14.00 | 101.00 | 115.00 | NOTE | |
| r-oldrel-macos-arm64 | 3.0 | 4.00 | 31.00 | 35.00 | NOTE | |
| r-oldrel-macos-x86_64 | 3.0 | 9.00 | 54.00 | 63.00 | NOTE | |
| r-oldrel-windows-x86_64 | 3.0 | 19.00 | 121.00 | 140.00 | NOTE | 
Version: 3.0
Check: CRAN incoming feasibility
Result: NOTE
  Maintainer: ‘Rob Tibshirani <tibs@stanford.edu>’
  
  No Authors@R field in DESCRIPTION.
  Please add one, modifying
    Authors@R: c(person(given = "R.",
                        family = "Tibshirani",
                        role = "aut"),
                 person(given = c("Michael", "J."),
                        family = "Seo",
                        role = "aut"),
                 person(given = "G.",
                        family = "Chu",
                        role = "aut"),
                 person(given = "Balasubramanian",
                        family = "Narasimhan",
                        role = "aut"),
                 person(given = "Jun",
                        family = "Li",
                        role = "aut"),
                 person(given = "Rob",
                        family = "Tibshirani",
                        role = "cre",
                        email = "tibs@stanford.edu"))
  as necessary.
Flavors: r-devel-linux-x86_64-debian-clang, r-devel-linux-x86_64-debian-gcc
Version: 3.0
Check: Rd files
Result: NOTE
  checkRd: (-1) SAM.Rd:67: Escaped LaTeX specials: \$
  checkRd: (-1) samr.Rd:59: Escaped LaTeX specials: \$
  checkRd: (-1) samr.Rd:84: Escaped LaTeX specials: \# \$
  checkRd: (-1) samr.Rd:88: Escaped LaTeX specials: \$
  checkRd: (-1) samr.Rd:92: Escaped LaTeX specials: \$
  checkRd: (-1) samr.Rd:97: Escaped LaTeX specials: \#
  checkRd: (-1) samr.assess.samplesize.plot.Rd:12: Escaped LaTeX specials: \#
Flavors: r-devel-linux-x86_64-debian-clang, r-devel-linux-x86_64-debian-gcc, r-devel-linux-x86_64-fedora-clang, r-devel-linux-x86_64-fedora-gcc, r-devel-windows-x86_64, r-patched-linux-x86_64, r-release-linux-x86_64, r-release-macos-arm64, r-release-macos-x86_64, r-release-windows-x86_64, r-oldrel-macos-arm64, r-oldrel-macos-x86_64, r-oldrel-windows-x86_64