Last updated on 2025-05-09 16:53:08 CEST.
Flavor | Version | Tinstall | Tcheck | Ttotal | Status | Flags |
---|---|---|---|---|---|---|
r-devel-linux-x86_64-debian-clang | 2.0-3 | 70.23 | 103.15 | 173.38 | OK | |
r-devel-linux-x86_64-debian-gcc | 2.0-3 | 45.39 | 67.44 | 112.83 | OK | |
r-devel-linux-x86_64-fedora-clang | 2.0-3 | 347.01 | OK | |||
r-devel-linux-x86_64-fedora-gcc | 2.0-3 | 336.15 | OK | |||
r-devel-windows-x86_64 | 2.0-3 | 91.00 | 141.00 | 232.00 | OK | |
r-patched-linux-x86_64 | 2.0-3 | 64.87 | 96.05 | 160.92 | OK | |
r-release-linux-x86_64 | 2.0-3 | 66.09 | 96.15 | 162.24 | OK | |
r-release-macos-arm64 | 2.0-3 | 75.00 | OK | |||
r-release-macos-x86_64 | 2.0-3 | 131.00 | OK | |||
r-release-windows-x86_64 | 2.0-3 | 94.00 | 141.00 | 235.00 | OK | |
r-oldrel-macos-arm64 | 2.0-3 | 77.00 | NOTE | |||
r-oldrel-macos-x86_64 | 2.0-3 | 125.00 | NOTE | |||
r-oldrel-windows-x86_64 | 2.0-3 | 104.00 | 168.00 | 272.00 | OK |
Version: 2.0-3
Check: installed package size
Result: NOTE
installed size is 7.7Mb
sub-directories of 1Mb or more:
libs 6.7Mb
Flavors: r-oldrel-macos-arm64, r-oldrel-macos-x86_64