Last updated on 2025-05-10 14:52:31 CEST.
Flavor | Version | Tinstall | Tcheck | Ttotal | Status | Flags |
---|---|---|---|---|---|---|
r-devel-linux-x86_64-debian-clang | 4.6.3 | 2.61 | 25.32 | 27.93 | NOTE | |
r-devel-linux-x86_64-debian-gcc | 4.6.3 | 2.04 | 19.92 | 21.96 | NOTE | |
r-devel-linux-x86_64-fedora-clang | 4.6.3 | 44.66 | OK | |||
r-devel-linux-x86_64-fedora-gcc | 4.6.3 | 45.22 | OK | |||
r-devel-windows-x86_64 | 4.6.3 | 3.00 | 50.00 | 53.00 | OK | |
r-patched-linux-x86_64 | 4.6.3 | 3.08 | 24.52 | 27.60 | OK | |
r-release-linux-x86_64 | 4.6.3 | 2.73 | 24.60 | 27.33 | OK | |
r-release-macos-arm64 | 4.6.3 | 22.00 | OK | |||
r-release-macos-x86_64 | 4.6.3 | 35.00 | OK | |||
r-release-windows-x86_64 | 4.6.3 | 4.00 | 55.00 | 59.00 | OK | |
r-oldrel-macos-arm64 | 4.6.3 | 24.00 | OK | |||
r-oldrel-macos-x86_64 | 4.6.3 | 26.00 | OK | |||
r-oldrel-windows-x86_64 | 4.6.3 | 4.00 | 51.00 | 55.00 | OK |
Version: 4.6.3
Check: CRAN incoming feasibility
Result: NOTE
Maintainer: ‘Jeffrey Endelman <endelman@wisc.edu>’
No Authors@R field in DESCRIPTION.
Please add one, modifying
Authors@R: person(given = "Jeffrey",
family = "Endelman",
role = c("aut", "cre"),
email = "endelman@wisc.edu")
as necessary.
Flavors: r-devel-linux-x86_64-debian-clang, r-devel-linux-x86_64-debian-gcc