Last updated on 2025-05-10 22:50:18 CEST.
Flavor | Version | Tinstall | Tcheck | Ttotal | Status | Flags |
---|---|---|---|---|---|---|
r-devel-linux-x86_64-debian-clang | 0.5.1 | 54.93 | 45.93 | 100.86 | OK | |
r-devel-linux-x86_64-debian-gcc | 0.5.1 | 45.99 | 32.88 | 78.87 | OK | |
r-devel-linux-x86_64-fedora-clang | 0.5.1 | 180.18 | OK | |||
r-devel-linux-x86_64-fedora-gcc | 0.5.1 | 218.98 | OK | |||
r-devel-windows-x86_64 | 0.5.1 | 68.00 | 86.00 | 154.00 | OK | |
r-patched-linux-x86_64 | 0.5.1 | 63.76 | 44.15 | 107.91 | OK | |
r-release-linux-x86_64 | 0.5.1 | 61.29 | 44.17 | 105.46 | OK | |
r-release-macos-arm64 | 0.5.1 | 53.00 | OK | |||
r-release-macos-x86_64 | 0.5.1 | 85.00 | OK | |||
r-release-windows-x86_64 | 0.5.1 | 68.00 | 89.00 | 157.00 | OK | |
r-oldrel-macos-arm64 | 0.5.1 | 49.00 | NOTE | |||
r-oldrel-macos-x86_64 | 0.5.1 | 67.00 | NOTE | |||
r-oldrel-windows-x86_64 | 0.5.1 | 79.00 | 111.00 | 190.00 | NOTE |
Version: 0.5.1
Check: installed package size
Result: NOTE
installed size is 9.9Mb
sub-directories of 1Mb or more:
data 2.3Mb
libs 6.0Mb
Flavors: r-oldrel-macos-arm64, r-oldrel-macos-x86_64, r-oldrel-windows-x86_64