Last updated on 2025-05-10 19:51:07 CEST.
Flavor | Version | Tinstall | Tcheck | Ttotal | Status | Flags |
---|---|---|---|---|---|---|
r-devel-linux-x86_64-debian-clang | 0.1.3 | 15.28 | 23.34 | 38.62 | NOTE | |
r-devel-linux-x86_64-debian-gcc | 0.1.3 | 10.50 | 18.69 | 29.19 | NOTE | |
r-devel-linux-x86_64-fedora-clang | 0.1.3 | 67.77 | OK | |||
r-devel-linux-x86_64-fedora-gcc | 0.1.3 | 68.81 | OK | |||
r-devel-windows-x86_64 | 0.1.3 | 17.00 | 61.00 | 78.00 | OK | |
r-patched-linux-x86_64 | 0.1.3 | 13.90 | 22.29 | 36.19 | OK | |
r-release-linux-x86_64 | 0.1.3 | 14.71 | 22.23 | 36.94 | OK | |
r-release-macos-arm64 | 0.1.3 | 22.00 | OK | |||
r-release-macos-x86_64 | 0.1.3 | 34.00 | OK | |||
r-release-windows-x86_64 | 0.1.3 | 18.00 | 68.00 | 86.00 | OK | |
r-oldrel-macos-arm64 | 0.1.3 | 22.00 | OK | |||
r-oldrel-macos-x86_64 | 0.1.3 | 31.00 | OK | |||
r-oldrel-windows-x86_64 | 0.1.3 | 16.00 | 77.00 | 93.00 | OK |
Version: 0.1.3
Check: CRAN incoming feasibility
Result: NOTE
Maintainer: ‘Stephan Dlugosz <stephan.dlugosz@googlemail.com>’
No Authors@R field in DESCRIPTION.
Please add one, modifying
Authors@R: person(given = "Stephan",
family = "Dlugosz",
role = c("aut", "cre"),
email = "stephan.dlugosz@googlemail.com")
as necessary.
Flavors: r-devel-linux-x86_64-debian-clang, r-devel-linux-x86_64-debian-gcc