CRAN Package Check Results for Package rocsvm.path

Last updated on 2025-11-19 01:49:00 CET.

Flavor Version Tinstall Tcheck Ttotal Status Flags
r-devel-linux-x86_64-debian-clang 0.1.0 4.50 37.28 41.78 OK
r-devel-linux-x86_64-debian-gcc 0.1.0 3.23 29.01 32.24 OK
r-devel-linux-x86_64-fedora-clang 0.1.0 63.53 OK
r-devel-linux-x86_64-fedora-gcc 0.1.0 19.00 44.36 63.36 OK
r-devel-windows-x86_64 0.1.0 5.00 50.00 55.00 OK
r-patched-linux-x86_64 0.1.0 4.27 35.90 40.17 OK
r-release-linux-x86_64 0.1.0 4.22 35.56 39.78 OK
r-release-macos-arm64 0.1.0 2.00 20.00 22.00 OK
r-release-macos-x86_64 0.1.0 4.00 33.00 37.00 OK
r-release-windows-x86_64 0.1.0 5.00 49.00 54.00 OK
r-oldrel-macos-arm64 0.1.0 2.00 20.00 22.00 NOTE
r-oldrel-macos-x86_64 0.1.0 4.00 31.00 35.00 NOTE
r-oldrel-windows-x86_64 0.1.0 4.00 51.00 55.00 NOTE

Additional issues

donttest

Check Details

Version: 0.1.0
Check: LazyData
Result: NOTE 'LazyData' is specified without a 'data' directory Flavors: r-oldrel-macos-arm64, r-oldrel-macos-x86_64, r-oldrel-windows-x86_64