Last updated on 2025-05-12 06:50:28 CEST.
Flavor | Version | Tinstall | Tcheck | Ttotal | Status | Flags |
---|---|---|---|---|---|---|
r-devel-linux-x86_64-debian-clang | 0.1-11 | 34.41 | 52.17 | 86.58 | NOTE | |
r-devel-linux-x86_64-debian-gcc | 0.1-11 | 22.81 | 38.87 | 61.68 | NOTE | |
r-devel-linux-x86_64-fedora-clang | 0.1-11 | 150.36 | OK | |||
r-devel-linux-x86_64-fedora-gcc | 0.1-11 | 144.12 | OK | |||
r-devel-windows-x86_64 | 0.1-11 | 38.00 | 84.00 | 122.00 | OK | |
r-patched-linux-x86_64 | 0.1-11 | 31.30 | 50.08 | 81.38 | OK | |
r-release-linux-x86_64 | 0.1-11 | 27.55 | 49.67 | 77.22 | OK | |
r-release-macos-arm64 | 0.1-11 | 44.00 | OK | |||
r-release-macos-x86_64 | 0.1-11 | 64.00 | OK | |||
r-release-windows-x86_64 | 0.1-11 | 39.00 | 90.00 | 129.00 | OK | |
r-oldrel-macos-arm64 | 0.1-11 | 42.00 | OK | |||
r-oldrel-macos-x86_64 | 0.1-11 | 64.00 | OK | |||
r-oldrel-windows-x86_64 | 0.1-11 | 46.00 | 109.00 | 155.00 | OK |
Version: 0.1-11
Check: CRAN incoming feasibility
Result: NOTE
Maintainer: ‘Ian M. Johnson <ijca2013@gmail.com>’
No Authors@R field in DESCRIPTION.
Please add one, modifying
Authors@R: person(given = c("Ian", "M."),
family = "Johnson",
role = c("aut", "cre"),
email = "ijca2013@gmail.com")
as necessary.
Flavors: r-devel-linux-x86_64-debian-clang, r-devel-linux-x86_64-debian-gcc