Last updated on 2025-05-09 16:53:06 CEST.
Flavor | Version | Tinstall | Tcheck | Ttotal | Status | Flags |
---|---|---|---|---|---|---|
r-devel-linux-x86_64-debian-clang | 1.1.3 | 14.58 | 174.15 | 188.73 | NOTE | |
r-devel-linux-x86_64-debian-gcc | 1.1.3 | 9.79 | 108.30 | 118.09 | NOTE | |
r-devel-linux-x86_64-fedora-clang | 1.1.3 | 311.21 | NOTE | |||
r-devel-linux-x86_64-fedora-gcc | 1.1.3 | 295.41 | NOTE | |||
r-devel-windows-x86_64 | 1.1.3 | 15.00 | 150.00 | 165.00 | NOTE | |
r-patched-linux-x86_64 | 1.1.3 | 14.75 | 150.32 | 165.07 | NOTE | |
r-release-linux-x86_64 | 1.1.3 | 14.82 | 150.03 | 164.85 | NOTE | |
r-release-macos-arm64 | 1.1.3 | 79.00 | NOTE | |||
r-release-macos-x86_64 | 1.1.3 | 166.00 | NOTE | |||
r-release-windows-x86_64 | 1.1.3 | 15.00 | 148.00 | 163.00 | NOTE | |
r-oldrel-macos-arm64 | 1.1.3 | 72.00 | NOTE | |||
r-oldrel-macos-x86_64 | 1.1.3 | 121.00 | NOTE | |||
r-oldrel-windows-x86_64 | 1.1.3 | 20.00 | 200.00 | 220.00 | NOTE |
Version: 1.1.3
Check: Rd files
Result: NOTE
checkRd: (-1) method.A.Rd:200-205: Lost braces in \itemize; \value handles \item{}{} directly
checkRd: (-1) method.A.Rd:206-211: Lost braces in \itemize; \value handles \item{}{} directly
checkRd: (-1) method.A.Rd:231-236: Lost braces in \itemize; \value handles \item{}{} directly
checkRd: (-1) method.A.Rd:237-242: Lost braces in \itemize; \value handles \item{}{} directly
checkRd: (-1) method.B.Rd:201-206: Lost braces in \itemize; \value handles \item{}{} directly
checkRd: (-1) method.B.Rd:207-212: Lost braces in \itemize; \value handles \item{}{} directly
checkRd: (-1) method.B.Rd:232-237: Lost braces in \itemize; \value handles \item{}{} directly
checkRd: (-1) method.B.Rd:238-243: Lost braces in \itemize; \value handles \item{}{} directly
Flavors: r-devel-linux-x86_64-debian-clang, r-devel-linux-x86_64-debian-gcc, r-devel-linux-x86_64-fedora-clang, r-devel-linux-x86_64-fedora-gcc, r-devel-windows-x86_64, r-patched-linux-x86_64, r-release-linux-x86_64, r-release-macos-arm64, r-release-macos-x86_64, r-release-windows-x86_64, r-oldrel-macos-arm64, r-oldrel-macos-x86_64, r-oldrel-windows-x86_64