CRAN Package Check Results for Package repello

Last updated on 2025-05-10 12:49:52 CEST.

Flavor Version Tinstall Tcheck Ttotal Status Flags
r-devel-linux-x86_64-debian-clang 1.0.1 4.51 37.85 42.36 OK
r-devel-linux-x86_64-debian-gcc 1.0.1 3.13 27.60 30.73 OK
r-devel-linux-x86_64-fedora-clang 1.0.1 66.69 OK
r-devel-linux-x86_64-fedora-gcc 1.0.1 79.69 OK
r-devel-windows-x86_64 1.0.1 6.00 55.00 61.00 OK
r-patched-linux-x86_64 1.0.1 3.66 36.32 39.98 OK
r-release-linux-x86_64 1.0.1 3.72 35.93 39.65 OK
r-release-macos-arm64 1.0.1 31.00 OK
r-release-macos-x86_64 1.0.1 53.00 OK
r-release-windows-x86_64 1.0.1 5.00 55.00 60.00 OK
r-oldrel-macos-arm64 1.0.1 29.00 NOTE
r-oldrel-macos-x86_64 1.0.1 43.00 NOTE
r-oldrel-windows-x86_64 1.0.1 7.00 63.00 70.00 NOTE

Check Details

Version: 1.0.1
Check: LazyData
Result: NOTE 'LazyData' is specified without a 'data' directory Flavors: r-oldrel-macos-arm64, r-oldrel-macos-x86_64, r-oldrel-windows-x86_64