Last updated on 2025-05-10 08:50:48 CEST.
Flavor | Version | Tinstall | Tcheck | Ttotal | Status | Flags |
---|---|---|---|---|---|---|
r-devel-linux-x86_64-debian-clang | 1.0-5 | 2.48 | 27.00 | 29.48 | NOTE | |
r-devel-linux-x86_64-debian-gcc | 1.0-5 | 1.80 | 20.87 | 22.67 | NOTE | |
r-devel-linux-x86_64-fedora-clang | 1.0-5 | 48.80 | OK | |||
r-devel-linux-x86_64-fedora-gcc | 1.0-5 | 44.05 | OK | |||
r-devel-windows-x86_64 | 1.0-5 | 4.00 | 51.00 | 55.00 | OK | |
r-patched-linux-x86_64 | 1.0-5 | 2.83 | 25.95 | 28.78 | OK | |
r-release-linux-x86_64 | 1.0-5 | 2.05 | 25.88 | 27.93 | OK | |
r-release-macos-arm64 | 1.0-5 | 23.00 | OK | |||
r-release-macos-x86_64 | 1.0-5 | 51.00 | OK | |||
r-release-windows-x86_64 | 1.0-5 | 3.00 | 54.00 | 57.00 | OK | |
r-oldrel-macos-arm64 | 1.0-5 | 23.00 | OK | |||
r-oldrel-macos-x86_64 | 1.0-5 | 29.00 | OK | |||
r-oldrel-windows-x86_64 | 1.0-5 | 6.00 | 58.00 | 64.00 | OK |
Version: 1.0-5
Check: CRAN incoming feasibility
Result: NOTE
Maintainer: ‘David Firth <d.firth@warwick.ac.uk>’
No Authors@R field in DESCRIPTION.
Please add one, modifying
Authors@R: c(person(given = c("David", "Firth", "with", "contributions", "from", "Heather"),
family = "Turner",
role = "aut"),
person(given = "John",
family = "Fox",
role = "aut"),
person(given = "David",
family = "Firth",
role = "cre",
email = "d.firth@warwick.ac.uk"))
as necessary.
Flavors: r-devel-linux-x86_64-debian-clang, r-devel-linux-x86_64-debian-gcc